Last updated on 2023-04-02 12:55:38 CEST.
Flavor | Version | Tinstall | Tcheck | Ttotal | Status | Flags |
---|---|---|---|---|---|---|
r-devel-linux-x86_64-debian-clang | 0.9.1 | 8.50 | 79.23 | 87.73 | NOTE | |
r-devel-linux-x86_64-debian-gcc | 0.9.1 | 6.35 | 60.95 | 67.30 | NOTE | |
r-devel-linux-x86_64-fedora-clang | 0.9.1 | 115.53 | NOTE | |||
r-devel-linux-x86_64-fedora-gcc | 0.9.1 | 110.93 | NOTE | |||
r-devel-windows-x86_64 | 0.9.1 | 16.00 | 110.00 | 126.00 | NOTE | |
r-patched-linux-x86_64 | 0.9.1 | 9.73 | 77.07 | 86.80 | NOTE | |
r-release-linux-x86_64 | 0.9.1 | 8.23 | 76.96 | 85.19 | OK | |
r-release-macos-arm64 | 0.9.1 | 35.00 | OK | |||
r-release-macos-x86_64 | 0.9.1 | 47.00 | OK | |||
r-release-windows-x86_64 | 0.9.1 | 56.00 | 112.00 | 168.00 | OK | |
r-oldrel-macos-arm64 | 0.9.1 | 34.00 | OK | |||
r-oldrel-macos-x86_64 | 0.9.1 | 44.00 | OK | |||
r-oldrel-windows-ix86+x86_64 | 0.9.1 | 20.00 | 102.00 | 122.00 | OK |
Version: 0.9.1
Check: Rd files
Result: NOTE
checkRd: (-1) tpcExample.Rd:30: Escaped LaTeX specials: \&
Flavors: r-devel-linux-x86_64-debian-clang, r-devel-linux-x86_64-debian-gcc, r-devel-linux-x86_64-fedora-clang, r-devel-linux-x86_64-fedora-gcc, r-devel-windows-x86_64, r-patched-linux-x86_64
Version: 0.9.1
Check: Rd cross-references
Result: NOTE
Undeclared package ‘graph’ in Rd xrefs
Flavor: r-devel-linux-x86_64-fedora-clang