Last updated on 2024-03-29 12:54:01 CET.
Flavor | Version | Tinstall | Tcheck | Ttotal | Status | Flags |
---|---|---|---|---|---|---|
r-devel-linux-x86_64-debian-clang | 0.1.0 | 13.79 | 132.02 | 145.81 | OK | |
r-devel-linux-x86_64-debian-gcc | 0.1.0 | 10.80 | 98.28 | 109.08 | OK | |
r-devel-linux-x86_64-fedora-clang | 0.1.0 | 182.88 | NOTE | |||
r-devel-linux-x86_64-fedora-gcc | 0.1.0 | 190.20 | NOTE | |||
r-devel-windows-x86_64 | 0.1.0 | 13.00 | 106.00 | 119.00 | OK | |
r-patched-linux-x86_64 | 0.1.0 | 9.49 | 126.51 | 136.00 | OK | |
r-release-linux-x86_64 | 0.1.0 | 15.36 | 130.90 | 146.26 | OK | |
r-release-macos-arm64 | 0.1.0 | 63.00 | OK | |||
r-release-macos-x86_64 | 0.1.0 | 88.00 | OK | |||
r-release-windows-x86_64 | 0.1.0 | 17.00 | 131.00 | 148.00 | OK | |
r-oldrel-macos-arm64 | 0.1.0 | 46.00 | OK | |||
r-oldrel-windows-x86_64 | 0.1.0 | 18.00 | 133.00 | 151.00 | OK |
Version: 0.1.0
Check: dependencies in R code
Result: NOTE
Namespaces in Imports field not imported from:
‘CBPS’ ‘spelling’
All declared Imports should be used.
Flavors: r-devel-linux-x86_64-fedora-clang, r-devel-linux-x86_64-fedora-gcc