Last updated on 2024-03-28 12:50:29 CET.
Flavor | Version | Tinstall | Tcheck | Ttotal | Status | Flags |
---|---|---|---|---|---|---|
r-devel-linux-x86_64-debian-clang | 1.0 | 151.77 | 55.14 | 206.91 | NOTE | |
r-devel-linux-x86_64-debian-gcc | 1.0 | 124.15 | 42.40 | 166.55 | NOTE | |
r-devel-linux-x86_64-fedora-clang | 1.0 | 305.54 | NOTE | |||
r-devel-linux-x86_64-fedora-gcc | 1.0 | 318.74 | NOTE | |||
r-devel-windows-x86_64 | 1.0 | 118.00 | 86.00 | 204.00 | NOTE | |
r-patched-linux-x86_64 | 1.0 | 143.02 | 55.42 | 198.44 | NOTE | |
r-release-linux-x86_64 | 1.0 | 155.13 | 54.39 | 209.52 | OK | |
r-release-macos-arm64 | 1.0 | 66.00 | NOTE | |||
r-release-macos-x86_64 | 1.0 | 120.00 | NOTE | |||
r-release-windows-x86_64 | 1.0 | 148.00 | 98.00 | 246.00 | OK | |
r-oldrel-macos-arm64 | 1.0 | 65.00 | NOTE | |||
r-oldrel-windows-x86_64 | 1.0 | 136.00 | 94.00 | 230.00 | OK |
Version: 1.0
Check: Rd files
Result: NOTE
checkRd: (-1) slpDGCM.Rd:130-133: Lost braces
130 | \code{x1, x2, x3, \dots}- {input to the model, there must be one column
| ^
Flavors: r-devel-linux-x86_64-debian-clang, r-devel-linux-x86_64-debian-gcc, r-devel-linux-x86_64-fedora-clang, r-devel-linux-x86_64-fedora-gcc, r-devel-windows-x86_64, r-patched-linux-x86_64
Version: 1.0
Check: installed package size
Result: NOTE
installed size is 5.7Mb
sub-directories of 1Mb or more:
libs 5.3Mb
Flavors: r-release-macos-arm64, r-release-macos-x86_64, r-oldrel-macos-arm64