CRAN Package Check Results for Package catSurv

Last updated on 2022-05-27 12:53:11 CEST.

Flavor Version Tinstall Tcheck Ttotal Status Flags
r-devel-linux-x86_64-debian-clang 1.4.0 208.08 150.30 358.38 WARN
r-devel-linux-x86_64-debian-gcc 1.4.0 162.99 112.03 275.02 NOTE
r-devel-linux-x86_64-fedora-clang 1.4.0 541.09 WARN
r-devel-linux-x86_64-fedora-gcc 1.4.0 475.07 NOTE
r-devel-windows-x86_64 1.4.0 218.00 189.00 407.00 NOTE
r-patched-linux-x86_64 1.4.0 163.21 144.94 308.15 NOTE
r-release-linux-x86_64 1.4.0 161.92 146.14 308.06 NOTE
r-release-macos-arm64 1.4.0 118.00 NOTE
r-release-macos-x86_64 1.4.0 153.00 NOTE
r-release-windows-x86_64 1.4.0 265.00 191.00 456.00 NOTE
r-oldrel-macos-arm64 1.4.0 105.00 NOTE
r-oldrel-macos-x86_64 1.4.0 150.00 NOTE
r-oldrel-windows-ix86+x86_64 1.4.0 536.00 261.00 797.00 NOTE

Additional issues

clang14

Check Details

Version: 1.4.0
Check: whether package can be installed
Result: WARN
    Found the following significant warnings:
     Cat.cpp:230:39: warning: use of bitwise '|' with boolean operands [-Wbitwise-instead-of-logical]
     Estimator.cpp:548:7: warning: use of bitwise '|' with boolean operands [-Wbitwise-instead-of-logical]
     Estimator.cpp:609:7: warning: use of bitwise '|' with boolean operands [-Wbitwise-instead-of-logical]
     Estimator.cpp:863:6: warning: use of bitwise '|' with boolean operands [-Wbitwise-instead-of-logical]
     Estimator.cpp:879:6: warning: use of bitwise '|' with boolean operands [-Wbitwise-instead-of-logical]
     Estimator.cpp:903:6: warning: use of bitwise '|' with boolean operands [-Wbitwise-instead-of-logical]
     Estimator.cpp:918:6: warning: use of bitwise '|' with boolean operands [-Wbitwise-instead-of-logical]
     Estimator.cpp:987:6: warning: use of bitwise '|' with boolean operands [-Wbitwise-instead-of-logical]
     Estimator.cpp:1135:6: warning: use of bitwise '|' with boolean operands [-Wbitwise-instead-of-logical]
     QuestionSet.cpp:163:25: warning: use of bitwise '|' with boolean operands [-Wbitwise-instead-of-logical]
     QuestionSet.cpp:167:29: warning: use of bitwise '|' with boolean operands [-Wbitwise-instead-of-logical]
     WLEEstimator.cpp:261:7: warning: use of bitwise '|' with boolean operands [-Wbitwise-instead-of-logical]
     WLEEstimator.cpp:277:7: warning: use of bitwise '|' with boolean operands [-Wbitwise-instead-of-logical]
Flavor: r-devel-linux-x86_64-debian-clang

Version: 1.4.0
Check: for GNU extensions in Makefiles
Result: NOTE
    GNU make is a SystemRequirements.
Flavors: r-devel-linux-x86_64-debian-clang, r-devel-linux-x86_64-debian-gcc, r-devel-linux-x86_64-fedora-clang, r-devel-linux-x86_64-fedora-gcc, r-devel-windows-x86_64, r-patched-linux-x86_64, r-release-linux-x86_64, r-release-macos-arm64, r-release-macos-x86_64, r-release-windows-x86_64, r-oldrel-macos-arm64, r-oldrel-macos-x86_64, r-oldrel-windows-ix86+x86_64

Version: 1.4.0
Check: whether package can be installed
Result: WARN
    Found the following significant warnings:
     Estimator.cpp:548:7: warning: use of bitwise '|' with boolean operands [-Wbitwise-instead-of-logical]
     Estimator.cpp:609:7: warning: use of bitwise '|' with boolean operands [-Wbitwise-instead-of-logical]
     Estimator.cpp:863:6: warning: use of bitwise '|' with boolean operands [-Wbitwise-instead-of-logical]
     Estimator.cpp:879:6: warning: use of bitwise '|' with boolean operands [-Wbitwise-instead-of-logical]
     Estimator.cpp:903:6: warning: use of bitwise '|' with boolean operands [-Wbitwise-instead-of-logical]
     Estimator.cpp:918:6: warning: use of bitwise '|' with boolean operands [-Wbitwise-instead-of-logical]
     Estimator.cpp:987:6: warning: use of bitwise '|' with boolean operands [-Wbitwise-instead-of-logical]
     Estimator.cpp:1135:6: warning: use of bitwise '|' with boolean operands [-Wbitwise-instead-of-logical]
     Cat.cpp:230:39: warning: use of bitwise '|' with boolean operands [-Wbitwise-instead-of-logical]
     QuestionSet.cpp:163:25: warning: use of bitwise '|' with boolean operands [-Wbitwise-instead-of-logical]
     QuestionSet.cpp:167:29: warning: use of bitwise '|' with boolean operands [-Wbitwise-instead-of-logical]
     WLEEstimator.cpp:261:7: warning: use of bitwise '|' with boolean operands [-Wbitwise-instead-of-logical]
     WLEEstimator.cpp:277:7: warning: use of bitwise '|' with boolean operands [-Wbitwise-instead-of-logical]
Flavor: r-devel-linux-x86_64-fedora-clang

Version: 1.4.0
Check: installed package size
Result: NOTE
     installed size is 5.6Mb
     sub-directories of 1Mb or more:
     libs 4.7Mb
Flavors: r-devel-linux-x86_64-fedora-clang, r-release-macos-arm64, r-release-macos-x86_64, r-oldrel-macos-arm64, r-oldrel-macos-x86_64