CRAN Package Check Results for Package cassandRa

Last updated on 2022-06-26 03:49:56 CEST.

Flavor Version Tinstall Tcheck Ttotal Status Flags
r-devel-linux-x86_64-debian-clang 0.1.0 7.44 127.11 134.55 NOTE
r-devel-linux-x86_64-debian-gcc 0.1.0 5.69 87.03 92.72 NOTE
r-devel-linux-x86_64-fedora-clang 0.1.0 161.00 NOTE
r-devel-linux-x86_64-fedora-gcc 0.1.0 159.17 NOTE
r-devel-windows-x86_64 0.1.0 32.00 137.00 169.00 NOTE
r-patched-linux-x86_64 0.1.0 7.69 113.17 120.86 NOTE
r-release-linux-x86_64 0.1.0 6.50 115.52 122.02 NOTE
r-release-macos-arm64 0.1.0 44.00 NOTE
r-release-macos-x86_64 0.1.0 83.00 NOTE
r-release-windows-x86_64 0.1.0 34.00 133.00 167.00 NOTE
r-oldrel-macos-arm64 0.1.0 68.00 NOTE
r-oldrel-macos-x86_64 0.1.0 64.00 NOTE
r-oldrel-windows-ix86+x86_64 0.1.0 18.00 139.00 157.00 NOTE

Check Details

Version: 0.1.0
Check: LazyData
Result: NOTE
     'LazyData' is specified without a 'data' directory
Flavors: r-devel-linux-x86_64-debian-clang, r-devel-linux-x86_64-debian-gcc, r-devel-linux-x86_64-fedora-clang, r-devel-linux-x86_64-fedora-gcc, r-devel-windows-x86_64, r-patched-linux-x86_64, r-release-linux-x86_64, r-release-macos-arm64, r-release-macos-x86_64, r-release-windows-x86_64, r-oldrel-macos-arm64, r-oldrel-macos-x86_64, r-oldrel-windows-ix86+x86_64