Last updated on 2025-02-01 12:48:23 CET.
Flavor | Version | Tinstall | Tcheck | Ttotal | Status | Flags |
---|---|---|---|---|---|---|
r-devel-linux-x86_64-debian-clang | 0.2.2 | 3.74 | 41.28 | 45.02 | OK | |
r-devel-linux-x86_64-debian-gcc | 0.2.2 | 2.41 | 29.59 | 32.00 | OK | |
r-devel-linux-x86_64-fedora-clang | 0.2.2 | 72.51 | OK | |||
r-devel-linux-x86_64-fedora-gcc | 0.2.2 | 78.89 | OK | |||
r-devel-windows-x86_64 | 0.2.2 | 6.00 | 65.00 | 71.00 | OK | |
r-patched-linux-x86_64 | 0.2.2 | 3.13 | 37.39 | 40.52 | NOTE | |
r-release-linux-x86_64 | 0.2.2 | 3.33 | 37.65 | 40.98 | NOTE | |
r-release-macos-arm64 | 0.2.2 | 31.00 | NOTE | |||
r-release-macos-x86_64 | 0.2.2 | 44.00 | NOTE | |||
r-release-windows-x86_64 | 0.2.2 | 5.00 | 58.00 | 63.00 | NOTE | |
r-oldrel-macos-arm64 | 0.2.2 | 29.00 | NOTE | |||
r-oldrel-macos-x86_64 | 0.2.2 | 42.00 | NOTE | |||
r-oldrel-windows-x86_64 | 0.2.2 | 6.00 | 62.00 | 68.00 | NOTE |
Version: 0.2.2
Check: LazyData
Result: NOTE
'LazyData' is specified without a 'data' directory
Flavors: r-patched-linux-x86_64, r-release-linux-x86_64, r-release-macos-arm64, r-release-macos-x86_64, r-release-windows-x86_64, r-oldrel-macos-arm64, r-oldrel-macos-x86_64, r-oldrel-windows-x86_64