CRAN Package Check Results for Package carData

Last updated on 2022-07-02 12:52:58 CEST.

Flavor Version Tinstall Tcheck Ttotal Status Flags
r-devel-linux-x86_64-debian-clang 3.0-5 3.11 23.87 26.98 NOTE
r-devel-linux-x86_64-debian-gcc 3.0-5 3.17 18.52 21.69 NOTE
r-devel-linux-x86_64-fedora-clang 3.0-5 43.14 NOTE
r-devel-linux-x86_64-fedora-gcc 3.0-5 42.90 NOTE
r-devel-windows-x86_64 3.0-5 70.00 52.00 122.00 NOTE
r-patched-linux-x86_64 3.0-5 5.92 21.41 27.33 OK
r-release-linux-x86_64 3.0-5 4.07 21.22 25.29 OK
r-release-macos-arm64 3.0-5 16.00 OK
r-release-macos-x86_64 3.0-5 21.00 OK
r-release-windows-x86_64 3.0-5 70.00 51.00 121.00 OK
r-oldrel-macos-arm64 3.0-5 26.00 OK
r-oldrel-macos-x86_64 3.0-5 22.00 OK
r-oldrel-windows-ix86+x86_64 3.0-5 22.00 42.00 64.00 OK

Check Details

Version: 3.0-5
Check: Rd files
Result: NOTE
    checkRd: (-1) States.Rd:48: Escaped LaTeX specials: \$
Flavors: r-devel-linux-x86_64-debian-clang, r-devel-linux-x86_64-debian-gcc, r-devel-linux-x86_64-fedora-clang, r-devel-linux-x86_64-fedora-gcc, r-devel-windows-x86_64