Last updated on 2023-03-30 21:49:48 CEST.
Flavor | Version | Tinstall | Tcheck | Ttotal | Status | Flags |
---|---|---|---|---|---|---|
r-devel-linux-x86_64-debian-clang | 0.3.0 | 3.25 | 30.87 | 34.12 | NOTE | |
r-devel-linux-x86_64-debian-gcc | 0.3.0 | 2.37 | 23.67 | 26.04 | NOTE | |
r-devel-linux-x86_64-fedora-clang | 0.3.0 | 42.00 | NOTE | |||
r-devel-linux-x86_64-fedora-gcc | 0.3.0 | 50.49 | NOTE | |||
r-devel-windows-x86_64 | 0.3.0 | 42.00 | 70.00 | 112.00 | NOTE | |
r-patched-linux-x86_64 | 0.3.0 | 3.67 | 29.38 | 33.05 | NOTE | |
r-release-linux-x86_64 | 0.3.0 | 3.22 | 30.21 | 33.43 | NOTE | |
r-release-macos-arm64 | 0.3.0 | 20.00 | NOTE | |||
r-release-macos-x86_64 | 0.3.0 | 28.00 | NOTE | |||
r-release-windows-x86_64 | 0.3.0 | 36.00 | 64.00 | 100.00 | NOTE | |
r-oldrel-macos-arm64 | 0.3.0 | 23.00 | NOTE | |||
r-oldrel-macos-x86_64 | 0.3.0 | 38.00 | NOTE | |||
r-oldrel-windows-ix86+x86_64 | 0.3.0 | 7.00 | 58.00 | 65.00 | NOTE |
Version: 0.3.0
Check: package subdirectories
Result: NOTE
Problems with news in ‘NEWS.md’:
Cannot extract version info from the following section titles:
captr .1.4
captr .1.3
captr .1.2
Flavors: r-devel-linux-x86_64-debian-clang, r-devel-linux-x86_64-debian-gcc, r-devel-linux-x86_64-fedora-clang, r-devel-linux-x86_64-fedora-gcc, r-devel-windows-x86_64, r-patched-linux-x86_64
Version: 0.3.0
Check: LazyData
Result: NOTE
'LazyData' is specified without a 'data' directory
Flavors: r-devel-linux-x86_64-debian-clang, r-devel-linux-x86_64-debian-gcc, r-devel-linux-x86_64-fedora-clang, r-devel-linux-x86_64-fedora-gcc, r-devel-windows-x86_64, r-patched-linux-x86_64, r-release-linux-x86_64, r-release-macos-arm64, r-release-macos-x86_64, r-release-windows-x86_64, r-oldrel-macos-arm64, r-oldrel-macos-x86_64, r-oldrel-windows-ix86+x86_64
Version: 0.3.0
Check: R code for possible problems
Result: NOTE
Initiating curl with CURL_SSL_BACKEND: openssl
Flavor: r-oldrel-windows-ix86+x86_64