Last updated on 2024-04-24 06:19:09 CEST.
Flavor | Version | Tinstall | Tcheck | Ttotal | Status | Flags |
---|---|---|---|---|---|---|
r-devel-linux-x86_64-debian-clang | 0.14.0 | 15.87 | 142.29 | 158.16 | OK | |
r-devel-linux-x86_64-debian-gcc | 0.14.0 | 13.56 | 107.06 | 120.62 | OK | |
r-devel-linux-x86_64-fedora-clang | 0.14.0 | 203.35 | NOTE | |||
r-devel-linux-x86_64-fedora-gcc | 0.14.0 | 187.69 | NOTE | |||
r-prerel-macos-arm64 | 0.14.0 | 58.00 | OK | |||
r-prerel-windows-x86_64 | 0.14.0 | 16.00 | 120.00 | 136.00 | OK | |
r-patched-linux-x86_64 | 0.14.0 | 19.38 | 135.95 | 155.33 | OK | |
r-release-linux-x86_64 | 0.14.0 | 13.49 | 136.46 | 149.95 | OK | |
r-release-macos-arm64 | 0.14.0 | 54.00 | OK | |||
r-release-macos-x86_64 | 0.14.0 | 100.00 | OK | |||
r-release-windows-x86_64 | 0.14.0 | 21.00 | 149.00 | 170.00 | OK | |
r-oldrel-macos-arm64 | 0.14.0 | 52.00 | NOTE | |||
r-oldrel-windows-x86_64 | 0.14.0 | 20.00 | 146.00 | 166.00 | OK |
Version: 0.14.0
Check: data for non-ASCII characters
Result: NOTE
Note: found 59 marked UTF-8 strings
Flavors: r-devel-linux-x86_64-fedora-clang, r-devel-linux-x86_64-fedora-gcc, r-oldrel-macos-arm64