Last updated on 2024-03-29 06:56:22 CET.
Flavor | Version | Tinstall | Tcheck | Ttotal | Status | Flags |
---|---|---|---|---|---|---|
r-devel-linux-x86_64-debian-clang | 0.5.7 | 6.70 | 85.78 | 92.48 | OK | |
r-devel-linux-x86_64-debian-gcc | 0.5.7 | 5.28 | 65.77 | 71.05 | OK | |
r-devel-linux-x86_64-fedora-clang | 0.5.7 | 124.90 | NOTE | |||
r-devel-linux-x86_64-fedora-gcc | 0.5.7 | 134.41 | NOTE | |||
r-devel-windows-x86_64 | 0.5.7 | 8.00 | 103.00 | 111.00 | OK | |
r-patched-linux-x86_64 | 0.5.7 | 7.90 | 83.72 | 91.62 | OK | |
r-release-linux-x86_64 | 0.5.7 | 6.92 | 81.18 | 88.10 | OK | |
r-release-macos-arm64 | 0.5.7 | 61.00 | OK | |||
r-release-macos-x86_64 | 0.5.7 | 137.00 | OK | |||
r-release-windows-x86_64 | 0.5.7 | 9.00 | 112.00 | 121.00 | OK | |
r-oldrel-macos-arm64 | 0.5.7 | 61.00 | OK | |||
r-oldrel-windows-x86_64 | 0.5.7 | 10.00 | 108.00 | 118.00 | OK |
Version: 0.5.7
Check: data for non-ASCII characters
Result: NOTE
Note: found 23 marked UTF-8 strings
Flavors: r-devel-linux-x86_64-fedora-clang, r-devel-linux-x86_64-fedora-gcc