Last updated on 2024-04-23 12:49:22 CEST.
Flavor | Version | Tinstall | Tcheck | Ttotal | Status | Flags |
---|---|---|---|---|---|---|
r-devel-linux-x86_64-debian-clang | 2.0.0 | 13.21 | 35.45 | 48.66 | OK | |
r-devel-linux-x86_64-debian-gcc | 2.0.0 | 11.93 | 28.21 | 40.14 | OK | |
r-devel-linux-x86_64-fedora-clang | 2.0.0 | 62.09 | NOTE | |||
r-devel-linux-x86_64-fedora-gcc | 2.0.0 | 59.74 | NOTE | |||
r-prerel-macos-arm64 | 2.0.0 | 29.00 | OK | |||
r-prerel-macos-x86_64 | 2.0.0 | 55.00 | OK | |||
r-prerel-windows-x86_64 | 2.0.0 | 15.00 | 55.00 | 70.00 | OK | |
r-patched-linux-x86_64 | 2.0.0 | 13.64 | 33.82 | 47.46 | OK | |
r-release-linux-x86_64 | 2.0.0 | 10.43 | 34.61 | 45.04 | OK | |
r-release-macos-arm64 | 2.0.0 | 32.00 | OK | |||
r-release-macos-x86_64 | 2.0.0 | 69.00 | OK | |||
r-release-windows-x86_64 | 2.0.0 | 18.00 | 58.00 | 76.00 | OK | |
r-oldrel-macos-arm64 | 2.0.0 | 33.00 | OK | |||
r-oldrel-windows-x86_64 | 2.0.0 | 17.00 | 62.00 | 79.00 | OK |
Version: 2.0.0
Check: dependencies in R code
Result: NOTE
Namespace in Imports field not imported from: ‘sf’
All declared Imports should be used.
Flavors: r-devel-linux-x86_64-fedora-clang, r-devel-linux-x86_64-fedora-gcc
Version: 2.0.0
Check: data for non-ASCII characters
Result: NOTE
Note: found 3061 marked UTF-8 strings
Flavors: r-devel-linux-x86_64-fedora-clang, r-devel-linux-x86_64-fedora-gcc