CRAN Package Check Results for Package canadamaps

Last updated on 2022-06-28 21:51:16 CEST.

Flavor Version Tinstall Tcheck Ttotal Status Flags
r-devel-linux-x86_64-debian-clang 0.1 9.87 82.50 92.37 OK
r-devel-linux-x86_64-debian-gcc 0.1 6.56 60.78 67.34 OK
r-devel-linux-x86_64-fedora-clang 0.1 117.42 NOTE
r-devel-linux-x86_64-fedora-gcc 0.1 112.15 NOTE
r-devel-windows-x86_64 0.1 14.00 99.00 113.00 OK
r-patched-linux-x86_64 0.1 6.34 76.64 82.98 OK
r-release-linux-x86_64 0.1 6.59 77.49 84.08 OK
r-release-macos-arm64 0.1 31.00 NOTE
r-release-macos-x86_64 0.1 55.00 NOTE
r-release-windows-x86_64 0.1 22.00 98.00 120.00 OK
r-oldrel-macos-arm64 0.1 165.00 NOTE
r-oldrel-macos-x86_64 0.1 42.00 NOTE
r-oldrel-windows-ix86+x86_64 0.1 24.00 110.00 134.00 OK

Check Details

Version: 0.1
Check: data for non-ASCII characters
Result: NOTE
     Note: found 287 marked UTF-8 strings
Flavors: r-devel-linux-x86_64-fedora-clang, r-devel-linux-x86_64-fedora-gcc, r-release-macos-arm64, r-release-macos-x86_64, r-oldrel-macos-arm64, r-oldrel-macos-x86_64