CRAN Package Check Results for Package camtrapR

Last updated on 2020-06-03 06:48:25 CEST.

Flavor Version Tinstall Tcheck Ttotal Status Flags
r-devel-linux-x86_64-debian-clang 2.0.2 20.22 207.27 227.49 OK
r-devel-linux-x86_64-debian-gcc 2.0.2 17.93 157.20 175.13 OK
r-devel-linux-x86_64-fedora-clang 2.0.2 280.07 NOTE
r-devel-linux-x86_64-fedora-gcc 2.0.2 277.08 OK
r-devel-windows-ix86+x86_64 2.0.2 51.00 275.00 326.00 NOTE
r-patched-linux-x86_64 2.0.2 20.59 205.36 225.95 OK
r-patched-solaris-x86 2.0.2 273.10 NOTE --no-vignettes
r-release-linux-x86_64 2.0.2 17.56 205.75 223.31 OK
r-release-osx-x86_64 2.0.2 NOTE
r-release-windows-ix86+x86_64 2.0.2 36.00 228.00 264.00 NOTE
r-oldrel-osx-x86_64 2.0.2 NOTE
r-oldrel-windows-ix86+x86_64 2.0.2 35.00 240.00 275.00 NOTE

Check Details

Version: 2.0.2
Check: installed package size
Result: NOTE
     installed size is 8.6Mb
     sub-directories of 1Mb or more:
     doc 4.0Mb
     pictures 4.0Mb
Flavors: r-devel-linux-x86_64-fedora-clang, r-devel-windows-ix86+x86_64, r-release-osx-x86_64, r-release-windows-ix86+x86_64, r-oldrel-osx-x86_64, r-oldrel-windows-ix86+x86_64

Version: 2.0.2
Flags: --no-vignettes
Check: installed package size
Result: NOTE
     installed size is 8.7Mb
     sub-directories of 1Mb or more:
     doc 4.2Mb
     pictures 3.7Mb
Flavor: r-patched-solaris-x86