Last updated on 2023-12-08 20:55:04 CET.
Flavor | Version | Tinstall | Tcheck | Ttotal | Status | Flags |
---|---|---|---|---|---|---|
r-devel-linux-x86_64-debian-clang | 0.0.3 | 5.10 | 44.28 | 49.38 | NOTE | |
r-devel-linux-x86_64-debian-gcc | 0.0.3 | 3.95 | 33.96 | 37.91 | NOTE | |
r-devel-linux-x86_64-fedora-clang | 0.0.3 | 63.04 | NOTE | |||
r-devel-linux-x86_64-fedora-gcc | 0.0.3 | 69.94 | NOTE | |||
r-devel-windows-x86_64 | 0.0.3 | 5.00 | 54.00 | 59.00 | NOTE | |
r-patched-linux-x86_64 | 0.0.3 | 4.96 | 42.68 | 47.64 | NOTE | |
r-release-linux-x86_64 | 0.0.3 | 3.97 | 41.74 | 45.71 | NOTE | |
r-release-macos-arm64 | 0.0.3 | 30.00 | NOTE | |||
r-release-macos-x86_64 | 0.0.3 | 42.00 | NOTE | |||
r-release-windows-x86_64 | 0.0.3 | 8.00 | 58.00 | 66.00 | NOTE | |
r-oldrel-macos-arm64 | 0.0.3 | 24.00 | NOTE | |||
r-oldrel-macos-x86_64 | 0.0.3 | 43.00 | NOTE | |||
r-oldrel-windows-x86_64 | 0.0.3 | 6.00 | 62.00 | 68.00 | NOTE |
Version: 0.0.3
Check: LazyData
Result: NOTE
'LazyData' is specified without a 'data' directory
Flavors: r-devel-linux-x86_64-debian-clang, r-devel-linux-x86_64-debian-gcc, r-devel-linux-x86_64-fedora-clang, r-devel-linux-x86_64-fedora-gcc, r-devel-windows-x86_64, r-patched-linux-x86_64, r-release-linux-x86_64, r-release-macos-arm64, r-release-macos-x86_64, r-release-windows-x86_64, r-oldrel-macos-arm64, r-oldrel-macos-x86_64, r-oldrel-windows-x86_64