Last updated on 2023-12-03 12:48:19 CET.
Flavor | Version | Tinstall | Tcheck | Ttotal | Status | Flags |
---|---|---|---|---|---|---|
r-devel-linux-x86_64-debian-clang | 0.2.2 | 12.35 | 104.86 | 117.21 | OK | |
r-devel-linux-x86_64-debian-gcc | 0.2.2 | 8.99 | 77.05 | 86.04 | OK | |
r-devel-linux-x86_64-fedora-clang | 0.2.2 | 140.66 | NOTE | |||
r-devel-linux-x86_64-fedora-gcc | 0.2.2 | 134.68 | NOTE | |||
r-devel-windows-x86_64 | 0.2.2 | 10.00 | 89.00 | 99.00 | OK | |
r-patched-linux-x86_64 | 0.2.2 | 7.55 | 96.25 | 103.80 | OK | |
r-release-linux-x86_64 | 0.2.2 | 10.51 | 97.50 | 108.01 | OK | |
r-release-macos-arm64 | 0.2.2 | 45.00 | OK | |||
r-release-macos-x86_64 | 0.2.2 | 64.00 | OK | |||
r-release-windows-x86_64 | 0.2.2 | 14.00 | 104.00 | 118.00 | OK | |
r-oldrel-macos-arm64 | 0.2.2 | 45.00 | NOTE | |||
r-oldrel-macos-x86_64 | 0.2.2 | 89.00 | NOTE | |||
r-oldrel-windows-x86_64 | 0.2.2 | 16.00 | 107.00 | 123.00 | OK |
Version: 0.2.2
Check: dependencies in R code
Result: NOTE
Namespace in Imports field not imported from: ‘markdown’
All declared Imports should be used.
Flavors: r-devel-linux-x86_64-fedora-clang, r-devel-linux-x86_64-fedora-gcc, r-oldrel-macos-arm64, r-oldrel-macos-x86_64