CRAN Package Check Results for Package caTools

Last updated on 2020-07-15 06:47:56 CEST.

Flavor Version Tinstall Tcheck Ttotal Status Flags
r-devel-linux-x86_64-debian-clang 1.18.0 6.45 33.59 40.04 OK
r-devel-linux-x86_64-debian-gcc 1.18.0 4.83 25.60 30.43 OK
r-devel-linux-x86_64-fedora-clang 1.18.0 56.22 NOTE
r-devel-linux-x86_64-fedora-gcc 1.18.0 46.20 OK
r-devel-windows-ix86+x86_64 1.18.0 20.00 81.00 101.00 OK
r-patched-linux-x86_64 1.18.0 5.44 32.60 38.04 OK
r-patched-solaris-x86 1.18.0 69.50 OK
r-release-linux-x86_64 1.18.0 5.32 32.67 37.99 OK
r-release-macos-x86_64 1.18.0 ERROR
r-release-windows-ix86+x86_64 1.18.0 20.00 65.00 85.00 OK
r-oldrel-macos-x86_64 1.18.0 OK
r-oldrel-windows-ix86+x86_64 1.18.0 35.00 86.00 121.00 OK

Check Details

Version: 1.18.0
Check: Rd cross-references
Result: NOTE
    Undeclared packages ‘fields’, ‘spatstat’, ‘R2HTML’, ‘pixmap’, ‘gplots’, ‘RColorBrewer’, ‘epitools’, ‘XML’, ‘exactRankTests’, ‘coin’, ‘ROCR’, ‘Epi’, ‘verification’, ‘Hmisc’, ‘gtools’, ‘magic’, ‘zoo’ in Rd xrefs
Flavor: r-devel-linux-x86_64-fedora-clang

Version: 1.18.0
Check: whether package can be installed
Result: ERROR
    Installation failed.
Flavor: r-release-macos-x86_64