CRAN Package Check Results for Package cSEM

Last updated on 2020-06-03 06:48:27 CEST.

Flavor Version Tinstall Tcheck Ttotal Status Flags
r-devel-linux-x86_64-debian-clang 0.2.0 17.55 154.58 172.13 OK
r-devel-linux-x86_64-debian-gcc 0.2.0 13.82 115.19 129.01 OK
r-devel-linux-x86_64-fedora-clang 0.2.0 204.91 NOTE
r-devel-linux-x86_64-fedora-gcc 0.2.0 198.20 NOTE
r-devel-windows-ix86+x86_64 0.2.0 36.00 179.00 215.00 OK
r-patched-linux-x86_64 0.2.0 18.76 153.52 172.28 OK
r-patched-solaris-x86 0.2.0 241.60 NOTE
r-release-linux-x86_64 0.2.0 18.66 154.93 173.59 OK
r-release-osx-x86_64 0.2.0 NOTE
r-release-windows-ix86+x86_64 0.2.0 19.00 151.00 170.00 OK
r-oldrel-osx-x86_64 0.2.0 NOTE
r-oldrel-windows-ix86+x86_64 0.2.0 22.00 160.00 182.00 OK

Check Details

Version: 0.2.0
Check: dependencies in R code
Result: NOTE
    Namespace in Imports field not imported from: ‘Rdpack’
     All declared Imports should be used.
Flavors: r-devel-linux-x86_64-fedora-clang, r-devel-linux-x86_64-fedora-gcc, r-patched-solaris-x86, r-release-osx-x86_64, r-oldrel-osx-x86_64