Last updated on 2025-05-11 12:50:15 CEST.
Flavor | Version | Tinstall | Tcheck | Ttotal | Status | Flags |
---|---|---|---|---|---|---|
r-devel-linux-x86_64-debian-clang | 3.4.0 | 11.50 | 187.12 | 198.62 | OK | |
r-devel-linux-x86_64-debian-gcc | 3.4.0 | 7.83 | 123.43 | 131.26 | OK | |
r-devel-linux-x86_64-fedora-clang | 3.4.0 | 303.45 | OK | |||
r-devel-linux-x86_64-fedora-gcc | 3.4.1 | 341.97 | OK | |||
r-devel-windows-x86_64 | 3.4.0 | 13.00 | 204.00 | 217.00 | OK | |
r-patched-linux-x86_64 | 3.4.0 | 9.38 | 174.78 | 184.16 | OK | |
r-release-linux-x86_64 | 3.4.0 | 10.04 | 173.58 | 183.62 | OK | |
r-release-macos-arm64 | 3.4.1 | 99.00 | OK | |||
r-release-macos-x86_64 | 11.00 | ERROR | ||||
r-release-windows-x86_64 | 3.4.0 | 13.00 | 198.00 | 211.00 | OK | |
r-oldrel-macos-arm64 | 3.4.1 | 99.00 | OK | |||
r-oldrel-macos-x86_64 | 197.00 | OK | ||||
r-oldrel-windows-x86_64 | 3.4.0 | 17.00 | 256.00 | 273.00 | OK |
Version: 3.4.1
Check: whether package can be installed
Result: ERROR
Installation failed.
Flavor: r-release-macos-x86_64