CRAN Package Check Results for Package cAIC4

Last updated on 2025-02-01 12:48:22 CET.

Flavor Version Tinstall Tcheck Ttotal Status Flags
r-devel-linux-x86_64-debian-clang 1.0 10.94 81.60 92.54 NOTE
r-devel-linux-x86_64-debian-gcc 1.0 7.06 58.38 65.44 NOTE
r-devel-linux-x86_64-fedora-clang 1.0 154.92 NOTE
r-devel-linux-x86_64-fedora-gcc 1.0 139.06 NOTE
r-devel-windows-x86_64 1.0 11.00 92.00 103.00 NOTE
r-patched-linux-x86_64 1.0 14.08 76.96 91.04 NOTE
r-release-linux-x86_64 1.0 10.56 77.63 88.19 NOTE
r-release-macos-arm64 1.0 41.00 NOTE
r-release-macos-x86_64 1.0 60.00 NOTE
r-release-windows-x86_64 1.0 13.00 92.00 105.00 NOTE
r-oldrel-macos-arm64 1.0 47.00 NOTE
r-oldrel-macos-x86_64 1.0 70.00 NOTE
r-oldrel-windows-x86_64 1.0 15.00 113.00 128.00 NOTE

Check Details

Version: 1.0
Check: Rd files
Result: NOTE checkRd: (-1) deleteZeroComponents.Rd:70: Escaped LaTeX specials: \& \& Flavors: r-devel-linux-x86_64-debian-clang, r-devel-linux-x86_64-debian-gcc, r-devel-linux-x86_64-fedora-clang, r-devel-linux-x86_64-fedora-gcc, r-devel-windows-x86_64, r-patched-linux-x86_64, r-release-linux-x86_64, r-release-macos-arm64, r-release-macos-x86_64, r-release-windows-x86_64, r-oldrel-macos-arm64, r-oldrel-macos-x86_64, r-oldrel-windows-x86_64

Version: 1.0
Check: Rd cross-references
Result: NOTE Found the following Rd file(s) with Rd \link{} targets missing package anchors: deleteZeroComponents.Rd: merMod Please provide package anchors for all Rd \link{} targets not in the package itself and the base packages. Flavors: r-devel-linux-x86_64-debian-clang, r-devel-linux-x86_64-debian-gcc, r-devel-windows-x86_64