CRAN Package Check Results for Package c3

Last updated on 2023-03-21 12:50:31 CET.

Flavor Version Tinstall Tcheck Ttotal Status Flags
r-devel-linux-x86_64-debian-clang 0.3.0 6.49 66.74 73.23 NOTE
r-devel-linux-x86_64-debian-gcc 0.3.0 5.03 49.86 54.89 NOTE
r-devel-linux-x86_64-fedora-clang 0.3.0 91.07 NOTE
r-devel-linux-x86_64-fedora-gcc 0.3.0 96.49 NOTE
r-devel-windows-x86_64 0.3.0 21.00 101.00 122.00 NOTE
r-patched-linux-x86_64 0.3.0 7.01 63.02 70.03 NOTE
r-release-linux-x86_64 0.3.0 5.01 62.41 67.42 NOTE
r-release-macos-arm64 0.3.0 32.00 NOTE
r-release-macos-x86_64 0.3.0 62.00 NOTE
r-release-windows-x86_64 0.3.0 22.00 102.00 124.00 NOTE
r-oldrel-macos-arm64 0.3.0 285.00 NOTE
r-oldrel-macos-x86_64 0.3.0 57.00 NOTE
r-oldrel-windows-ix86+x86_64 0.3.0 17.00 92.00 109.00 NOTE

Check Details

Version: 0.3.0
Check: LazyData
Result: NOTE
     'LazyData' is specified without a 'data' directory
Flavors: r-devel-linux-x86_64-debian-clang, r-devel-linux-x86_64-debian-gcc, r-devel-linux-x86_64-fedora-clang, r-devel-linux-x86_64-fedora-gcc, r-devel-windows-x86_64, r-patched-linux-x86_64, r-release-linux-x86_64, r-release-macos-arm64, r-release-macos-x86_64, r-release-windows-x86_64, r-oldrel-macos-arm64, r-oldrel-macos-x86_64, r-oldrel-windows-ix86+x86_64