Last updated on 2025-02-01 12:48:22 CET.
Flavor | Version | Tinstall | Tcheck | Ttotal | Status | Flags |
---|---|---|---|---|---|---|
r-devel-linux-x86_64-debian-clang | 1.1 | 25.27 | 27.51 | 52.78 | OK | |
r-devel-linux-x86_64-debian-gcc | 1.1 | 21.95 | 21.39 | 43.34 | OK | |
r-devel-linux-x86_64-fedora-clang | 1.1 | 101.82 | NOTE | |||
r-devel-linux-x86_64-fedora-gcc | 1.1 | 104.64 | NOTE | |||
r-devel-windows-x86_64 | 1.1 | 30.00 | 81.00 | 111.00 | OK | |
r-patched-linux-x86_64 | 1.1 | 28.49 | 26.28 | 54.77 | OK | |
r-release-linux-x86_64 | 1.1 | 29.94 | 26.41 | 56.35 | OK | |
r-release-macos-arm64 | 1.1 | 33.00 | OK | |||
r-release-macos-x86_64 | 1.1 | 45.00 | OK | |||
r-release-windows-x86_64 | 1.1 | 30.00 | 67.00 | 97.00 | OK | |
r-oldrel-macos-arm64 | 1.1 | 35.00 | OK | |||
r-oldrel-macos-x86_64 | 1.1 | 51.00 | OK | |||
r-oldrel-windows-x86_64 | 1.1 | 37.00 | 74.00 | 111.00 | OK |
Version: 1.1
Check: compiled code
Result: NOTE
File ‘bvarsv/libs/bvarsv.so’:
Found no calls to: ‘R_registerRoutines’, ‘R_useDynamicSymbols’
It is good practice to register native routines and to disable symbol
search.
See ‘Writing portable packages’ in the ‘Writing R Extensions’ manual.
Flavors: r-devel-linux-x86_64-fedora-clang, r-devel-linux-x86_64-fedora-gcc