CRAN Package Check Results for Package bsub

Last updated on 2022-09-28 12:55:13 CEST.

Flavor Version Tinstall Tcheck Ttotal Status Flags
r-devel-linux-x86_64-debian-clang 1.1.0 6.61 44.21 50.82 OK
r-devel-linux-x86_64-debian-gcc 1.1.0 4.31 34.08 38.39 OK
r-devel-linux-x86_64-fedora-clang 1.1.0 73.42 OK
r-devel-linux-x86_64-fedora-gcc 1.1.0 76.34 OK
r-devel-windows-x86_64 1.1.0 11.00 79.00 90.00 OK
r-patched-linux-x86_64 1.1.0 6.90 42.68 49.58 OK
r-release-linux-x86_64 1.1.0 6.33 45.22 51.55 OK
r-release-macos-arm64 1.1.0 22.00 NOTE
r-release-macos-x86_64 1.1.0 32.00 OK
r-release-windows-x86_64 1.1.0 27.00 79.00 106.00 OK
r-oldrel-macos-arm64 1.1.0 29.00 OK
r-oldrel-macos-x86_64 1.1.0 33.00 OK
r-oldrel-windows-ix86+x86_64 1.1.0 13.00 70.00 83.00 OK

Check Details

Version: 1.1.0
Check: package dependencies
Result: NOTE
    Packages suggested but not available for checking: 'graph', 'Rgraphviz'
Flavor: r-release-macos-arm64