Last updated on 2024-03-28 06:52:43 CET.
Flavor | Version | Tinstall | Tcheck | Ttotal | Status | Flags |
---|---|---|---|---|---|---|
r-devel-linux-x86_64-debian-clang | 0.9.10 | 110.05 | 137.18 | 247.23 | OK | |
r-devel-linux-x86_64-debian-gcc | 0.9.10 | 101.16 | 97.55 | 198.71 | OK | |
r-devel-linux-x86_64-fedora-clang | 0.9.10 | 357.90 | NOTE | |||
r-devel-linux-x86_64-fedora-gcc | 0.9.10 | 376.34 | OK | |||
r-devel-windows-x86_64 | 0.9.10 | 102.00 | 157.00 | 259.00 | NOTE | |
r-patched-linux-x86_64 | 0.9.10 | 132.97 | 136.28 | 269.25 | OK | |
r-release-linux-x86_64 | 0.9.10 | 133.84 | 133.63 | 267.47 | OK | |
r-release-macos-arm64 | 0.9.10 | 87.00 | NOTE | |||
r-release-macos-x86_64 | 0.9.10 | 161.00 | NOTE | |||
r-release-windows-x86_64 | 0.9.10 | 128.00 | 265.00 | 393.00 | NOTE | |
r-oldrel-macos-arm64 | 0.9.10 | 84.00 | NOTE | |||
r-oldrel-windows-x86_64 | 0.9.10 | 116.00 | 253.00 | 369.00 | NOTE |
Version: 0.9.10
Check: installed package size
Result: NOTE
installed size is 9.5Mb
sub-directories of 1Mb or more:
libs 8.6Mb
Flavors: r-devel-linux-x86_64-fedora-clang, r-devel-windows-x86_64, r-release-macos-arm64, r-release-macos-x86_64, r-release-windows-x86_64, r-oldrel-macos-arm64, r-oldrel-windows-x86_64