Last updated on 2025-02-22 21:51:06 CET.
Flavor | Version | Tinstall | Tcheck | Ttotal | Status | Flags |
---|---|---|---|---|---|---|
r-devel-linux-x86_64-debian-clang | 1.0 | 8.47 | 54.32 | 62.79 | OK | |
r-devel-linux-x86_64-debian-gcc | 1.0 | 5.75 | 38.32 | 44.07 | OK | |
r-devel-linux-x86_64-fedora-clang | 1.0 | 97.84 | NOTE | |||
r-devel-linux-x86_64-fedora-gcc | 1.0 | 92.88 | NOTE | |||
r-devel-macos-arm64 | 1.0 | 32.00 | OK | |||
r-devel-macos-x86_64 | 1.0 | 96.00 | OK | |||
r-devel-windows-x86_64 | 1.0 | 10.00 | 66.00 | 76.00 | OK | |
r-patched-linux-x86_64 | 1.0 | 8.08 | 50.87 | 58.95 | OK | |
r-release-linux-x86_64 | 1.0 | 6.20 | 50.78 | 56.98 | OK | |
r-release-macos-arm64 | 1.0 | 31.00 | OK | |||
r-release-macos-x86_64 | 1.0 | 74.00 | OK | |||
r-release-windows-x86_64 | 1.0 | 9.00 | 70.00 | 79.00 | OK | |
r-oldrel-macos-arm64 | 1.0 | 30.00 | OK | |||
r-oldrel-macos-x86_64 | 1.0 | 48.00 | OK | |||
r-oldrel-windows-x86_64 | 1.0 | 11.00 | 81.00 | 92.00 | OK |
Version: 1.0
Check: dependencies in R code
Result: NOTE
Namespaces in Imports field not imported from:
‘mvtnorm’ ‘ssmn’
All declared Imports should be used.
Flavors: r-devel-linux-x86_64-fedora-clang, r-devel-linux-x86_64-fedora-gcc