Last updated on 2024-03-29 12:54:00 CET.
Flavor | Version | Tinstall | Tcheck | Ttotal | Status | Flags |
---|---|---|---|---|---|---|
r-devel-linux-x86_64-debian-clang | 2.0.2 | 770.09 | 496.46 | 1266.55 | OK | |
r-devel-linux-x86_64-debian-gcc | 2.0.2 | 595.93 | 304.84 | 900.77 | OK | |
r-devel-linux-x86_64-fedora-clang | 2.0.2 | 1803.45 | NOTE | |||
r-devel-linux-x86_64-fedora-gcc | 2.0.2 | 1748.95 | OK | |||
r-devel-windows-x86_64 | 2.0.2 | 568.00 | 437.00 | 1005.00 | NOTE | |
r-patched-linux-x86_64 | 2.0.2 | 644.80 | 414.03 | 1058.83 | OK | |
r-release-linux-x86_64 | 2.0.2 | 726.31 | 407.01 | 1133.32 | OK | |
r-release-macos-arm64 | 2.0.2 | 348.00 | NOTE | |||
r-release-macos-x86_64 | 2.0.2 | 561.00 | NOTE | |||
r-release-windows-x86_64 | 2.0.2 | 711.00 | 487.00 | 1198.00 | NOTE | |
r-oldrel-macos-arm64 | 2.0.2 | 356.00 | NOTE | |||
r-oldrel-windows-x86_64 | 2.0.2 | 695.00 | 469.00 | 1164.00 | NOTE |
Version: 2.0.2
Check: installed package size
Result: NOTE
installed size is 7.1Mb
sub-directories of 1Mb or more:
data 1.1Mb
doc 2.8Mb
libs 2.6Mb
Flavors: r-devel-linux-x86_64-fedora-clang, r-devel-windows-x86_64, r-release-macos-arm64, r-release-macos-x86_64, r-release-windows-x86_64, r-oldrel-macos-arm64, r-oldrel-windows-x86_64