Last updated on 2023-09-23 21:52:41 CEST.
Flavor | Version | Tinstall | Tcheck | Ttotal | Status | Flags |
---|---|---|---|---|---|---|
r-devel-linux-x86_64-debian-clang | 0.0.2 | 11.45 | 30.26 | 41.71 | OK | |
r-devel-linux-x86_64-debian-gcc | 0.0.2 | 9.32 | 24.44 | 33.76 | OK | |
r-devel-linux-x86_64-fedora-clang | 0.0.2 | 52.05 | NOTE | |||
r-devel-linux-x86_64-fedora-gcc | 0.0.2 | 50.92 | NOTE | |||
r-devel-windows-x86_64 | 0.0.2 | 12.00 | 44.00 | 56.00 | OK | |
r-patched-linux-x86_64 | 0.0.2 | 13.46 | 29.27 | 42.73 | OK | |
r-release-linux-x86_64 | 0.0.2 | 7.94 | 29.76 | 37.70 | OK | |
r-release-macos-arm64 | 0.0.2 | 20.00 | OK | |||
r-release-macos-x86_64 | 0.0.2 | 30.00 | OK | |||
r-release-windows-x86_64 | 0.0.2 | 14.00 | 46.00 | 60.00 | OK | |
r-oldrel-macos-arm64 | 0.0.2 | 20.00 | OK | |||
r-oldrel-macos-x86_64 | 0.0.2 | 27.00 | NOTE | |||
r-oldrel-windows-x86_64 | 0.0.2 | 13.00 | 48.00 | 61.00 | OK |
Version: 0.0.2
Check: dependencies in R code
Result: NOTE
Namespaces in Imports field not imported from:
‘Matrix’ ‘grDevices’ ‘graphics’
All declared Imports should be used.
Flavors: r-devel-linux-x86_64-fedora-clang, r-devel-linux-x86_64-fedora-gcc, r-oldrel-macos-x86_64