CRAN Package Check Results for Package bslib

Last updated on 2024-03-01 21:49:25 CET.

Flavor Version Tinstall Tcheck Ttotal Status Flags
r-devel-linux-x86_64-debian-clang 0.6.1 13.15 149.90 163.05 OK
r-devel-linux-x86_64-debian-gcc 0.6.1 7.90 118.52 126.42 OK
r-devel-linux-x86_64-fedora-clang 0.6.1 200.04 NOTE
r-devel-linux-x86_64-fedora-gcc 0.6.1 213.34 OK
r-devel-windows-x86_64 0.6.1 14.00 115.00 129.00 NOTE
r-patched-linux-x86_64 0.6.1 19.41 161.55 180.96 OK
r-release-linux-x86_64 0.6.1 8.65 161.94 170.59 OK
r-release-macos-arm64 0.6.1 59.00 NOTE
r-release-macos-x86_64 0.6.1 105.00 NOTE
r-release-windows-x86_64 0.6.1 18.00 141.00 159.00 NOTE
r-oldrel-macos-arm64 0.6.1 62.00 NOTE
r-oldrel-windows-x86_64 0.6.1 18.00 149.00 167.00 NOTE

Check Details

Version: 0.6.1
Check: installed package size
Result: NOTE installed size is 12.6Mb sub-directories of 1Mb or more: fonts 3.7Mb lib 5.4Mb Flavors: r-devel-linux-x86_64-fedora-clang, r-devel-windows-x86_64, r-release-macos-arm64, r-release-macos-x86_64, r-release-windows-x86_64, r-oldrel-macos-arm64, r-oldrel-windows-x86_64