Last updated on 2023-02-03 11:53:09 CET.
Flavor | Version | Tinstall | Tcheck | Ttotal | Status | Flags |
---|---|---|---|---|---|---|
r-devel-linux-x86_64-debian-clang | 0.4.2 | 6.84 | 110.98 | 117.82 | OK | |
r-devel-linux-x86_64-debian-gcc | 0.4.2 | 6.18 | 83.93 | 90.11 | OK | |
r-devel-linux-x86_64-fedora-clang | 0.4.2 | 148.94 | NOTE | |||
r-devel-linux-x86_64-fedora-gcc | 0.4.2 | 149.41 | OK | |||
r-devel-windows-x86_64 | 0.4.2 | 86.00 | 183.00 | 269.00 | NOTE | |
r-patched-linux-x86_64 | 0.4.2 | 10.23 | 109.47 | 119.70 | OK | |
r-release-linux-x86_64 | 0.4.2 | 6.75 | 111.55 | 118.30 | OK | |
r-release-macos-arm64 | 0.4.2 | 54.00 | NOTE | |||
r-release-macos-x86_64 | 0.4.2 | 67.00 | NOTE | |||
r-release-windows-x86_64 | 0.4.2 | 337.00 | 167.00 | 504.00 | NOTE | |
r-oldrel-macos-arm64 | 0.4.2 | 54.00 | NOTE | |||
r-oldrel-macos-x86_64 | 0.4.2 | 72.00 | NOTE | |||
r-oldrel-windows-ix86+x86_64 | 0.4.2 | 16.00 | 154.00 | 170.00 | NOTE |
Version: 0.4.2
Check: installed package size
Result: NOTE
installed size is 10.2Mb
sub-directories of 1Mb or more:
fonts 3.0Mb
lib 5.3Mb
Flavors: r-devel-linux-x86_64-fedora-clang, r-devel-windows-x86_64, r-release-macos-arm64, r-release-macos-x86_64, r-release-windows-x86_64, r-oldrel-macos-arm64, r-oldrel-macos-x86_64, r-oldrel-windows-ix86+x86_64
Version: 0.4.2
Check: Rd cross-references
Result: NOTE
Undeclared package ‘plotly’ in Rd xrefs
Flavor: r-devel-linux-x86_64-fedora-clang