Last updated on 2022-05-20 12:53:20 CEST.
Flavor | Version | Tinstall | Tcheck | Ttotal | Status | Flags |
---|---|---|---|---|---|---|
r-devel-linux-x86_64-debian-clang | 1.0.0 | 950.94 | 212.05 | 1162.99 | NOTE | |
r-devel-linux-x86_64-debian-gcc | 1.0.0 | 869.40 | 190.91 | 1060.31 | NOTE | |
r-devel-linux-x86_64-fedora-clang | 1.0.0 | 1641.86 | NOTE | |||
r-devel-windows-x86_64 | 1.0.0 | 571.00 | 318.00 | 889.00 | NOTE | |
r-patched-linux-x86_64 | 1.0.0 | 640.62 | 244.12 | 884.74 | NOTE | |
r-release-linux-x86_64 | 1.0.0 | 652.62 | 251.17 | 903.79 | NOTE | |
r-release-macos-arm64 | 1.0.0 | 392.00 | NOTE | |||
r-release-macos-x86_64 | 1.0.0 | 805.00 | NOTE | |||
r-release-windows-x86_64 | 1.0.0 | 566.00 | 304.00 | 870.00 | NOTE | |
r-oldrel-macos-arm64 | 1.0.0 | 441.00 | NOTE | |||
r-oldrel-macos-x86_64 | 1.0.0 | 569.00 | NOTE | |||
r-oldrel-windows-ix86+x86_64 | 1.0.0 | 88.00 | 11.00 | 99.00 | ERROR |
Version: 1.0.0
Check: Rd files
Result: NOTE
checkRd: (7) plot.bsem.Rd:25: \item in \describe must have non-empty label
checkRd: (7) plot.bsem.Rd:26: \item in \describe must have non-empty label
checkRd: (7) plot.bsem.Rd:27: \item in \describe must have non-empty label
checkRd: (7) plot.bsem.Rd:28: \item in \describe must have non-empty label
checkRd: (7) plot.bsem.Rd:29: \item in \describe must have non-empty label
Flavors: r-devel-linux-x86_64-debian-clang, r-devel-linux-x86_64-debian-gcc, r-devel-linux-x86_64-fedora-clang, r-devel-windows-x86_64
Version: 1.0.0
Check: LazyData
Result: NOTE
'LazyData' is specified without a 'data' directory
Flavors: r-devel-linux-x86_64-debian-clang, r-devel-linux-x86_64-debian-gcc, r-devel-linux-x86_64-fedora-clang, r-devel-windows-x86_64, r-patched-linux-x86_64, r-release-linux-x86_64, r-release-macos-arm64, r-release-macos-x86_64, r-release-windows-x86_64, r-oldrel-macos-arm64, r-oldrel-macos-x86_64
Version: 1.0.0
Check: for GNU extensions in Makefiles
Result: NOTE
GNU make is a SystemRequirements.
Flavors: r-devel-linux-x86_64-debian-clang, r-devel-linux-x86_64-debian-gcc, r-devel-linux-x86_64-fedora-clang, r-devel-windows-x86_64, r-patched-linux-x86_64, r-release-linux-x86_64, r-release-macos-arm64, r-release-macos-x86_64, r-release-windows-x86_64, r-oldrel-macos-arm64, r-oldrel-macos-x86_64
Version: 1.0.0
Check: installed package size
Result: NOTE
installed size is 96.3Mb
sub-directories of 1Mb or more:
doc 7.7Mb
libs 87.9Mb
Flavors: r-devel-linux-x86_64-fedora-clang, r-devel-windows-x86_64, r-release-macos-arm64, r-release-macos-x86_64, r-release-windows-x86_64, r-oldrel-macos-arm64, r-oldrel-macos-x86_64
Version: 1.0.0
Check: dependencies in R code
Result: NOTE
Namespace in Imports field not imported from: ‘rstantools’
All declared Imports should be used.
Flavors: r-devel-linux-x86_64-fedora-clang, r-release-macos-arm64, r-release-macos-x86_64, r-oldrel-macos-arm64, r-oldrel-macos-x86_64
Version: 1.0.0
Check: whether package can be installed
Result: ERROR
Installation failed.
Flavor: r-oldrel-windows-ix86+x86_64