Last updated on 2023-03-28 12:54:35 CEST.
Flavor | Version | Tinstall | Tcheck | Ttotal | Status | Flags |
---|---|---|---|---|---|---|
r-devel-linux-x86_64-debian-clang | 0.1.2 | 24.20 | 186.78 | 210.98 | NOTE | |
r-devel-linux-x86_64-debian-gcc | 0.1.2 | 17.10 | 138.54 | 155.64 | NOTE | |
r-devel-linux-x86_64-fedora-clang | 0.1.2 | 253.78 | NOTE | |||
r-devel-linux-x86_64-fedora-gcc | 0.1.2 | 265.06 | NOTE | |||
r-patched-linux-x86_64 | 0.1.2 | 21.26 | 173.94 | 195.20 | NOTE | |
r-release-linux-x86_64 | 0.1.2 | 0.23 | 2.74 | 2.97 | ERROR | |
r-release-macos-arm64 | 0.1.2 | 76.00 | NOTE | |||
r-release-macos-x86_64 | 0.1.2 | 117.00 | NOTE | |||
r-release-windows-x86_64 | 0.1.2 | 30.00 | 213.00 | 243.00 | NOTE | |
r-oldrel-macos-arm64 | 0.1.2 | 74.00 | NOTE | |||
r-oldrel-macos-x86_64 | 0.1.2 | 110.00 | NOTE | |||
r-oldrel-windows-ix86+x86_64 | 0.1.2 | 48.00 | 198.00 | 246.00 | NOTE |
Version: 0.1.2
Check: LazyData
Result: NOTE
'LazyData' is specified without a 'data' directory
Flavors: r-devel-linux-x86_64-debian-clang, r-devel-linux-x86_64-debian-gcc, r-devel-linux-x86_64-fedora-clang, r-devel-linux-x86_64-fedora-gcc, r-patched-linux-x86_64, r-release-macos-arm64, r-release-macos-x86_64, r-release-windows-x86_64, r-oldrel-macos-arm64, r-oldrel-macos-x86_64, r-oldrel-windows-ix86+x86_64
Version: 0.1.2
Check: package dependencies
Result: ERROR
Package required but not available: ‘blavaan’
See section ‘The DESCRIPTION file’ in the ‘Writing R Extensions’
manual.
Flavor: r-release-linux-x86_64