CRAN Package Check Results for Package brxx

Last updated on 2024-02-25 04:14:49 CET.

Flavor Version Tinstall Tcheck Ttotal Status Flags
r-devel-linux-x86_64-debian-clang 0.1.2 38.23 216.89 255.12 NOTE
r-devel-linux-x86_64-debian-gcc 0.1.2 29.85 166.16 196.01 NOTE
r-devel-linux-x86_64-fedora-clang 0.1.2 328.57 NOTE
r-devel-linux-x86_64-fedora-gcc 0.1.2 335.72 NOTE
r-devel-windows-x86_64 0.1.2 24.00 157.00 181.00 NOTE
r-patched-linux-x86_64 0.1.2 36.93 216.52 253.45 NOTE
r-release-linux-x86_64 0.1.2 0.28 1.64 1.92 ERROR
r-release-macos-arm64 0.1.2 75.00 NOTE
r-release-macos-x86_64 0.1.2 127.00 NOTE
r-release-windows-x86_64 0.1.2 31.00 197.00 228.00 NOTE
r-oldrel-macos-arm64 0.1.2 76.00 NOTE
r-oldrel-windows-x86_64 0.1.2 33.00 198.00 231.00 NOTE

Check Details

Version: 0.1.2
Check: LazyData
Result: NOTE 'LazyData' is specified without a 'data' directory Flavors: r-devel-linux-x86_64-debian-clang, r-devel-linux-x86_64-debian-gcc, r-devel-linux-x86_64-fedora-clang, r-devel-linux-x86_64-fedora-gcc, r-devel-windows-x86_64, r-patched-linux-x86_64, r-release-macos-arm64, r-release-macos-x86_64, r-release-windows-x86_64, r-oldrel-macos-arm64, r-oldrel-windows-x86_64

Version: 0.1.2
Check: package dependencies
Result: ERROR Package required but not available: ‘blavaan’ See section ‘The DESCRIPTION file’ in the ‘Writing R Extensions’ manual. Flavor: r-release-linux-x86_64