Last updated on 2023-02-01 20:54:03 CET.
Flavor | Version | Tinstall | Tcheck | Ttotal | Status | Flags |
---|---|---|---|---|---|---|
r-devel-linux-x86_64-debian-clang | 2.18.0 | 58.67 | 644.38 | 703.05 | NOTE | |
r-devel-linux-x86_64-debian-gcc | 2.18.0 | 49.40 | 463.81 | 513.21 | NOTE | |
r-devel-linux-x86_64-fedora-clang | 2.18.0 | 868.24 | NOTE | |||
r-devel-linux-x86_64-fedora-gcc | 2.18.0 | 882.26 | NOTE | |||
r-devel-windows-x86_64 | 2.18.0 | 310.00 | 227.00 | 537.00 | NOTE | --no-examples --no-tests --no-vignettes |
r-patched-linux-x86_64 | 2.18.0 | 64.78 | 586.48 | 651.26 | NOTE | |
r-release-linux-x86_64 | 2.18.0 | 47.08 | 541.31 | 588.39 | NOTE | |
r-release-macos-arm64 | 2.18.0 | 141.00 | NOTE | |||
r-release-macos-x86_64 | 2.18.0 | 254.00 | NOTE | |||
r-release-windows-x86_64 | 2.18.0 | 301.00 | 195.00 | 496.00 | NOTE | --no-examples --no-tests --no-vignettes |
r-oldrel-macos-arm64 | 2.18.0 | 162.00 | NOTE | |||
r-oldrel-macos-x86_64 | 2.18.0 | 279.00 | NOTE | |||
r-oldrel-windows-ix86+x86_64 | 2.18.0 | 109.00 | 223.00 | 332.00 | NOTE | --no-examples --no-tests --no-vignettes |
Version: 2.18.0
Check: package dependencies
Result: NOTE
Package suggested but not available for checking: ‘cmdstanr’
Flavors: r-devel-linux-x86_64-debian-clang, r-devel-linux-x86_64-debian-gcc, r-devel-linux-x86_64-fedora-clang, r-devel-linux-x86_64-fedora-gcc, r-patched-linux-x86_64, r-release-linux-x86_64, r-release-macos-arm64, r-release-macos-x86_64, r-oldrel-macos-arm64, r-oldrel-macos-x86_64
Version: 2.18.0
Check: installed package size
Result: NOTE
installed size is 7.8Mb
sub-directories of 1Mb or more:
R 3.0Mb
doc 3.7Mb
Flavors: r-devel-linux-x86_64-fedora-clang, r-release-macos-arm64, r-release-macos-x86_64, r-oldrel-macos-arm64, r-oldrel-macos-x86_64
Version: 2.18.0
Flags: --no-examples --no-tests --no-vignettes
Check: package dependencies
Result: NOTE
Package suggested but not available for checking: 'cmdstanr'
Flavors: r-devel-windows-x86_64, r-release-windows-x86_64, r-oldrel-windows-ix86+x86_64
Version: 2.18.0
Flags: --no-examples --no-tests --no-vignettes
Check: installed package size
Result: NOTE
installed size is 7.7Mb
sub-directories of 1Mb or more:
R 3.0Mb
doc 3.6Mb
Flavors: r-devel-windows-x86_64, r-release-windows-x86_64, r-oldrel-windows-ix86+x86_64