CRAN Package Check Results for Package briqr

Last updated on 2022-10-01 05:51:17 CEST.

Flavor Version Tinstall Tcheck Ttotal Status Flags
r-devel-linux-x86_64-debian-clang 0.1.0 2.07 24.91 26.98 NOTE
r-devel-linux-x86_64-debian-gcc 0.1.0 1.45 19.44 20.89 NOTE
r-devel-linux-x86_64-fedora-clang 0.1.0 46.13 NOTE
r-devel-linux-x86_64-fedora-gcc 0.1.0 43.00 NOTE
r-devel-windows-x86_64 0.1.0 13.00 53.00 66.00 NOTE
r-patched-linux-x86_64 0.1.0 2.09 23.63 25.72 NOTE
r-release-linux-x86_64 0.1.0 2.16 24.33 26.49 NOTE
r-release-macos-arm64 0.1.0 16.00 NOTE
r-release-macos-x86_64 0.1.0 27.00 NOTE
r-release-windows-x86_64 0.1.0 16.00 58.00 74.00 NOTE
r-oldrel-macos-arm64 0.1.0 20.00 NOTE
r-oldrel-macos-x86_64 0.1.0 26.00 NOTE
r-oldrel-windows-ix86+x86_64 0.1.0 6.00 49.00 55.00 NOTE

Check Details

Version: 0.1.0
Check: LazyData
Result: NOTE
     'LazyData' is specified without a 'data' directory
Flavors: r-devel-linux-x86_64-debian-clang, r-devel-linux-x86_64-debian-gcc, r-devel-linux-x86_64-fedora-clang, r-devel-linux-x86_64-fedora-gcc, r-devel-windows-x86_64, r-patched-linux-x86_64, r-release-linux-x86_64, r-release-macos-arm64, r-release-macos-x86_64, r-release-windows-x86_64, r-oldrel-macos-arm64, r-oldrel-macos-x86_64, r-oldrel-windows-ix86+x86_64