CRAN Package Check Results for Package brickset

Last updated on 2023-11-28 12:51:20 CET.

Flavor Version Tinstall Tcheck Ttotal Status Flags
r-devel-linux-x86_64-debian-clang 2022.0.0 5.56 42.72 48.28 OK
r-devel-linux-x86_64-debian-gcc 2022.0.0 4.39 32.10 36.49 OK
r-devel-linux-x86_64-fedora-clang 2022.0.0 59.97 NOTE
r-devel-linux-x86_64-fedora-gcc 2022.0.0 56.94 NOTE
r-devel-windows-x86_64 2022.0.0 6.00 54.00 60.00 OK
r-patched-linux-x86_64 2022.0.0 5.77 40.63 46.40 OK
r-release-linux-x86_64 2022.0.0 4.51 41.24 45.75 OK
r-release-macos-arm64 2022.0.0 23.00 OK
r-release-macos-x86_64 2022.0.0 33.00 OK
r-release-windows-x86_64 2022.0.0 10.00 59.00 69.00 OK
r-oldrel-macos-arm64 2022.0.0 19.00 OK
r-oldrel-macos-x86_64 2022.0.0 34.00 OK
r-oldrel-windows-x86_64 2022.0.0 7.00 61.00 68.00 OK

Check Details

Version: 2022.0.0
Check: data for non-ASCII characters
Result: NOTE Note: found 87 marked UTF-8 strings Flavors: r-devel-linux-x86_64-fedora-clang, r-devel-linux-x86_64-fedora-gcc