Last updated on 2025-02-22 12:50:11 CET.
Flavor | Version | Tinstall | Tcheck | Ttotal | Status | Flags |
---|---|---|---|---|---|---|
r-devel-linux-x86_64-debian-clang | 0.7.2 | 2.89 | 26.52 | 29.41 | NOTE | |
r-devel-linux-x86_64-debian-gcc | 0.7.2 | 2.46 | 20.32 | 22.78 | NOTE | |
r-devel-linux-x86_64-fedora-clang | 0.7.2 | 45.93 | NOTE | |||
r-devel-linux-x86_64-fedora-gcc | 0.7.2 | 43.82 | NOTE | |||
r-devel-macos-arm64 | 0.7.2 | 20.00 | NOTE | |||
r-devel-macos-x86_64 | 0.7.2 | 40.00 | NOTE | |||
r-devel-windows-x86_64 | 0.7.2 | 7.00 | 59.00 | 66.00 | NOTE | |
r-patched-linux-x86_64 | 0.7.2 | 3.80 | 25.22 | 29.02 | NOTE | |
r-release-linux-x86_64 | 0.7.2 | 2.42 | 24.93 | 27.35 | NOTE | |
r-release-macos-arm64 | 0.7.2 | 20.00 | NOTE | |||
r-release-macos-x86_64 | 0.7.2 | 32.00 | NOTE | |||
r-release-windows-x86_64 | 0.7.2 | 6.00 | 57.00 | 63.00 | NOTE | |
r-oldrel-macos-arm64 | 0.7.2 | 24.00 | OK | |||
r-oldrel-macos-x86_64 | 0.7.2 | 28.00 | OK | |||
r-oldrel-windows-x86_64 | 0.7.2 | 7.00 | 55.00 | 62.00 | OK |
Version: 0.7.2
Check: Rd files
Result: NOTE
checkRd: (-1) brglm.Rd:173: Lost braces in \itemize; meant \describe ?
checkRd: (-1) brglm.Rd:174: Lost braces in \itemize; meant \describe ?
checkRd: (-1) brglm.Rd:175-176: Lost braces in \itemize; meant \describe ?
checkRd: (-1) brglm.Rd:177-178: Lost braces in \itemize; meant \describe ?
checkRd: (-1) brglm.Rd:179-180: Lost braces in \itemize; meant \describe ?
checkRd: (-1) brglm.Rd:181-182: Lost braces in \itemize; meant \describe ?
checkRd: (-1) brglm.Rd:183-184: Lost braces in \itemize; meant \describe ?
checkRd: (-1) profile.brglm.Rd:54-55: Lost braces in \itemize; meant \describe ?
checkRd: (-1) profile.brglm.Rd:56: Lost braces in \itemize; meant \describe ?
checkRd: (-1) profile.brglm.Rd:57: Lost braces in \itemize; meant \describe ?
checkRd: (-1) profile.brglm.Rd:58: Lost braces in \itemize; meant \describe ?
Flavors: r-devel-linux-x86_64-debian-clang, r-devel-linux-x86_64-debian-gcc, r-devel-linux-x86_64-fedora-clang, r-devel-linux-x86_64-fedora-gcc, r-devel-macos-arm64, r-devel-macos-x86_64, r-devel-windows-x86_64, r-patched-linux-x86_64, r-release-linux-x86_64, r-release-macos-arm64, r-release-macos-x86_64, r-release-windows-x86_64