Last updated on 2024-03-28 12:50:29 CET.
Flavor | Version | Tinstall | Tcheck | Ttotal | Status | Flags |
---|---|---|---|---|---|---|
r-devel-linux-x86_64-debian-clang | 0.7.2 | 3.73 | 32.69 | 36.42 | NOTE | |
r-devel-linux-x86_64-debian-gcc | 0.7.2 | 2.69 | 25.28 | 27.97 | NOTE | |
r-devel-linux-x86_64-fedora-clang | 0.7.2 | 45.64 | NOTE | |||
r-devel-linux-x86_64-fedora-gcc | 0.7.2 | 44.90 | NOTE | |||
r-devel-windows-x86_64 | 0.7.2 | 5.00 | 56.00 | 61.00 | NOTE | |
r-patched-linux-x86_64 | 0.7.2 | 4.78 | 32.47 | 37.25 | NOTE | |
r-release-linux-x86_64 | 0.7.2 | 4.09 | 32.03 | 36.12 | OK | |
r-release-macos-arm64 | 0.7.2 | 24.00 | OK | |||
r-release-macos-x86_64 | 0.7.2 | 28.00 | OK | |||
r-release-windows-x86_64 | 0.7.2 | 7.00 | 56.00 | 63.00 | OK | |
r-oldrel-macos-arm64 | 0.7.2 | 20.00 | OK | |||
r-oldrel-windows-x86_64 | 0.7.2 | 6.00 | 60.00 | 66.00 | OK |
Version: 0.7.2
Check: Rd files
Result: NOTE
checkRd: (-1) brglm.Rd:173: Lost braces in \itemize; meant \describe ?
checkRd: (-1) brglm.Rd:174: Lost braces in \itemize; meant \describe ?
checkRd: (-1) brglm.Rd:175-176: Lost braces in \itemize; meant \describe ?
checkRd: (-1) brglm.Rd:177-178: Lost braces in \itemize; meant \describe ?
checkRd: (-1) brglm.Rd:179-180: Lost braces in \itemize; meant \describe ?
checkRd: (-1) brglm.Rd:181-182: Lost braces in \itemize; meant \describe ?
checkRd: (-1) brglm.Rd:183-184: Lost braces in \itemize; meant \describe ?
checkRd: (-1) profile.brglm.Rd:54-55: Lost braces in \itemize; meant \describe ?
checkRd: (-1) profile.brglm.Rd:56: Lost braces in \itemize; meant \describe ?
checkRd: (-1) profile.brglm.Rd:57: Lost braces in \itemize; meant \describe ?
checkRd: (-1) profile.brglm.Rd:58: Lost braces in \itemize; meant \describe ?
Flavors: r-devel-linux-x86_64-debian-clang, r-devel-linux-x86_64-debian-gcc, r-devel-linux-x86_64-fedora-clang, r-devel-linux-x86_64-fedora-gcc, r-devel-windows-x86_64, r-patched-linux-x86_64