CRAN Package Check Results for Package brew

Last updated on 2021-04-21 12:54:47 CEST.

Flavor Version Tinstall Tcheck Ttotal Status Flags
r-devel-linux-x86_64-debian-clang 1.0-6 1.70 20.76 22.46 NOTE
r-devel-linux-x86_64-debian-gcc 1.0-6 1.62 16.56 18.18 NOTE
r-devel-linux-x86_64-fedora-clang 1.0-6 37.78 NOTE
r-devel-linux-x86_64-fedora-gcc 1.0-6 27.76 NOTE
r-devel-windows-ix86+x86_64 1.0-6 5.00 32.00 37.00 OK
r-devel-windows-x86_64-gcc10-UCRT 1.0-6 OK
r-patched-linux-x86_64 1.0-6 2.13 20.31 22.44 NOTE
r-patched-solaris-x86 1.0-6 43.20 NOTE
r-release-linux-x86_64 1.0-6 1.75 20.58 22.33 NOTE
r-release-macos-x86_64 1.0-6 OK
r-release-windows-ix86+x86_64 1.0-6 4.00 23.00 27.00 OK
r-oldrel-macos-x86_64 1.0-6 OK
r-oldrel-windows-ix86+x86_64 1.0-6 4.00 50.00 54.00 OK

Check Details

Version: 1.0-6
Check: for non-standard things in the check directory
Result: NOTE
    Found the following files/directories:
     'brew-test-1-1.eps' 'brew-test-1-2.eps' 'brew-test-1.tex'
     'brew-test-2.html'
Flavors: r-devel-linux-x86_64-debian-clang, r-devel-linux-x86_64-debian-gcc, r-devel-linux-x86_64-fedora-clang, r-devel-linux-x86_64-fedora-gcc, r-patched-linux-x86_64, r-patched-solaris-x86, r-release-linux-x86_64