Last updated on 2022-05-28 11:52:00 CEST.
Flavor | Version | Tinstall | Tcheck | Ttotal | Status | Flags |
---|---|---|---|---|---|---|
r-devel-linux-x86_64-debian-clang | 0.8.4 | 144.59 | 142.71 | 287.30 | NOTE | |
r-devel-linux-x86_64-debian-gcc | 0.8.4 | 123.78 | 111.94 | 235.72 | NOTE | |
r-devel-linux-x86_64-fedora-clang | 0.8.4 | 364.90 | NOTE | |||
r-devel-linux-x86_64-fedora-gcc | 0.8.4 | 372.78 | NOTE | |||
r-devel-windows-x86_64 | 0.8.4 | 112.00 | 198.00 | 310.00 | NOTE | |
r-patched-linux-x86_64 | 0.8.4 | 89.14 | 146.42 | 235.56 | NOTE | |
r-release-linux-x86_64 | 0.8.4 | 94.79 | 144.88 | 239.67 | NOTE | |
r-release-macos-arm64 | 0.8.4 | 91.00 | NOTE | |||
r-release-macos-x86_64 | 0.8.4 | 163.00 | NOTE | |||
r-release-windows-x86_64 | 0.8.4 | 124.00 | 196.00 | 320.00 | NOTE | |
r-oldrel-macos-arm64 | 0.8.4 | 88.00 | NOTE | |||
r-oldrel-macos-x86_64 | 0.8.4 | 133.00 | NOTE | |||
r-oldrel-windows-ix86+x86_64 | 0.8.4 | 166.00 | 185.00 | 351.00 | NOTE |
Version: 0.8.4
Check: for GNU extensions in Makefiles
Result: NOTE
GNU make is a SystemRequirements.
Flavors: r-devel-linux-x86_64-debian-clang, r-devel-linux-x86_64-debian-gcc, r-devel-linux-x86_64-fedora-clang, r-devel-linux-x86_64-fedora-gcc, r-devel-windows-x86_64, r-patched-linux-x86_64, r-release-linux-x86_64, r-release-macos-arm64, r-release-macos-x86_64, r-release-windows-x86_64, r-oldrel-macos-arm64, r-oldrel-macos-x86_64, r-oldrel-windows-ix86+x86_64
Version: 0.8.4
Check: installed package size
Result: NOTE
installed size is 21.7Mb
sub-directories of 1Mb or more:
libs 21.4Mb
Flavors: r-devel-linux-x86_64-fedora-clang, r-release-macos-arm64, r-release-macos-x86_64, r-oldrel-macos-arm64, r-oldrel-macos-x86_64