Last updated on 2022-06-28 03:51:27 CEST.
Flavor | Version | Tinstall | Tcheck | Ttotal | Status | Flags |
---|---|---|---|---|---|---|
r-devel-linux-x86_64-debian-clang | 0.8.4 | 14.32 | 216.80 | 231.12 | OK | |
r-devel-linux-x86_64-debian-gcc | 0.8.4 | 11.50 | 158.55 | 170.05 | OK | |
r-devel-linux-x86_64-fedora-clang | 0.8.4 | 275.00 | NOTE | |||
r-devel-linux-x86_64-fedora-gcc | 0.8.4 | 277.30 | NOTE | |||
r-devel-windows-x86_64 | 0.8.4 | 110.00 | 258.00 | 368.00 | OK | |
r-patched-linux-x86_64 | 0.8.4 | 9.73 | 198.35 | 208.08 | OK | |
r-release-linux-x86_64 | 0.8.4 | 8.73 | 201.60 | 210.33 | OK | |
r-release-macos-arm64 | 0.8.4 | 86.00 | OK | |||
r-release-macos-x86_64 | 0.8.4 | 172.00 | OK | |||
r-release-windows-x86_64 | 0.8.4 | 127.00 | 243.00 | 370.00 | OK | |
r-oldrel-macos-arm64 | 0.8.4 | 82.00 | OK | |||
r-oldrel-macos-x86_64 | 0.8.4 | 116.00 | OK | |||
r-oldrel-windows-ix86+x86_64 | 0.8.4 | 32.00 | 243.00 | 275.00 | OK |
Version: 0.8.4
Check: package dependencies
Result: NOTE
Package suggested but not available for checking: ‘breathteststan’
Flavors: r-devel-linux-x86_64-fedora-clang, r-devel-linux-x86_64-fedora-gcc
Version: 0.8.4
Check: Rd cross-references
Result: NOTE
Undeclared package ‘generics’ in Rd xrefs
Flavor: r-devel-linux-x86_64-fedora-clang