Last updated on 2024-04-19 11:56:40 CEST.
Flavor | Version | Tinstall | Tcheck | Ttotal | Status | Flags |
---|---|---|---|---|---|---|
r-devel-linux-x86_64-debian-clang | 2.3 | 41.45 | 99.08 | 140.53 | NOTE | |
r-devel-linux-x86_64-debian-gcc | 2.3 | NOTE | ||||
r-devel-linux-x86_64-fedora-clang | 2.3 | 178.56 | NOTE | |||
r-devel-linux-x86_64-fedora-gcc | 2.3 | 184.29 | NOTE | |||
r-prerel-macos-arm64 | 2.3 | 50.00 | NOTE | |||
r-prerel-windows-x86_64 | 2.3 | 34.00 | 104.00 | 138.00 | NOTE | |
r-patched-linux-x86_64 | 2.3 | 34.30 | 95.44 | 129.74 | NOTE | |
r-release-linux-x86_64 | 2.3 | 33.84 | 95.05 | 128.89 | OK | |
r-release-macos-arm64 | 2.3 | 55.00 | OK | |||
r-release-macos-x86_64 | 2.3 | 87.00 | OK | |||
r-release-windows-x86_64 | 2.3 | 41.00 | 124.00 | 165.00 | OK | |
r-oldrel-macos-arm64 | 2.3 | 48.00 | OK | |||
r-oldrel-windows-x86_64 | 2.3 | 38.00 | 119.00 | 157.00 | OK |
Version: 2.3
Check: Rd files
Result: NOTE
checkRd: (-1) breakfast.Rd:18: Lost braces in \itemize; meant \describe ?
checkRd: (-1) breakfast.Rd:19: Lost braces in \itemize; meant \describe ?
checkRd: (-1) breakfast.Rd:20: Lost braces in \itemize; meant \describe ?
checkRd: (-1) breakfast.Rd:21: Lost braces in \itemize; meant \describe ?
checkRd: (-1) breakfast.Rd:22: Lost braces in \itemize; meant \describe ?
checkRd: (-1) breakfast.Rd:23: Lost braces in \itemize; meant \describe ?
checkRd: (-1) breakfast.Rd:24: Lost braces in \itemize; meant \describe ?
checkRd: (-1) breakfast.Rd:33: Lost braces in \itemize; meant \describe ?
checkRd: (-1) breakfast.Rd:34: Lost braces in \itemize; meant \describe ?
checkRd: (-1) breakfast.Rd:35: Lost braces in \itemize; meant \describe ?
checkRd: (-1) breakfast.Rd:36: Lost braces in \itemize; meant \describe ?
checkRd: (-1) breakfast.Rd:37: Lost braces in \itemize; meant \describe ?
checkRd: (-1) breakfast.Rd:43: Lost braces in \itemize; \value handles \item{}{} directly
checkRd: (-1) breakfast.Rd:44: Lost braces in \itemize; \value handles \item{}{} directly
checkRd: (-1) breakfast.Rd:46: Lost braces in \itemize; \value handles \item{}{} directly
checkRd: (-1) breakfast.Rd:47: Lost braces in \itemize; \value handles \item{}{} directly
checkRd: (-1) breakfast.Rd:48: Lost braces in \itemize; \value handles \item{}{} directly
checkRd: (-1) breakfast.Rd:49: Lost braces in \itemize; \value handles \item{}{} directly
checkRd: (-1) breakfast.Rd:50: Lost braces in \itemize; \value handles \item{}{} directly
checkRd: (-1) model.lp.Rd:23: Lost braces in \itemize; meant \describe ?
checkRd: (-1) model.lp.Rd:24: Lost braces in \itemize; meant \describe ?
Flavors: r-devel-linux-x86_64-debian-clang, r-devel-linux-x86_64-debian-gcc, r-devel-linux-x86_64-fedora-clang, r-devel-linux-x86_64-fedora-gcc, r-prerel-macos-arm64, r-prerel-windows-x86_64, r-patched-linux-x86_64