Last updated on 2024-04-23 12:49:22 CEST.
Flavor | Version | Tinstall | Tcheck | Ttotal | Status | Flags |
---|---|---|---|---|---|---|
r-devel-linux-x86_64-debian-clang | 1.6.0 | 10.25 | 76.90 | 87.15 | NOTE | |
r-devel-linux-x86_64-debian-gcc | 1.6.0 | 8.07 | 57.24 | 65.31 | NOTE | |
r-devel-linux-x86_64-fedora-clang | 1.6.0 | 110.33 | NOTE | |||
r-devel-linux-x86_64-fedora-gcc | 1.6.0 | 105.05 | NOTE | |||
r-prerel-macos-arm64 | 1.6.0 | 47.00 | NOTE | |||
r-prerel-windows-x86_64 | 1.6.0 | 10.00 | 64.00 | 74.00 | NOTE | |
r-patched-linux-x86_64 | 1.6.0 | 13.57 | 74.77 | 88.34 | NOTE | |
r-release-linux-x86_64 | 1.6.0 | 9.58 | 67.33 | 76.91 | NOTE | |
r-release-macos-arm64 | 1.6.0 | 31.00 | NOTE | |||
r-release-macos-x86_64 | 1.6.0 | 54.00 | NOTE | |||
r-release-windows-x86_64 | 1.6.0 | 11.00 | 71.00 | 82.00 | NOTE | |
r-oldrel-macos-arm64 | 1.6.0 | 43.00 | NOTE | |||
r-oldrel-windows-x86_64 | 1.6.0 | 10.00 | 76.00 | 86.00 | NOTE |
Version: 1.6.0
Check: LazyData
Result: NOTE
'LazyData' is specified without a 'data' directory
Flavors: r-devel-linux-x86_64-debian-clang, r-devel-linux-x86_64-debian-gcc, r-devel-linux-x86_64-fedora-clang, r-devel-linux-x86_64-fedora-gcc, r-prerel-macos-arm64, r-prerel-windows-x86_64, r-patched-linux-x86_64, r-release-linux-x86_64, r-release-macos-arm64, r-release-macos-x86_64, r-release-windows-x86_64, r-oldrel-macos-arm64, r-oldrel-windows-x86_64