CRAN Package Check Results for Package bqror

Last updated on 2024-02-25 06:08:23 CET.

Flavor Version Tinstall Tcheck Ttotal Status Flags
r-devel-linux-x86_64-debian-clang 1.6.1 9.83 178.46 188.29 NOTE
r-devel-linux-x86_64-debian-gcc 1.6.1 8.36 118.84 127.20 NOTE
r-devel-linux-x86_64-fedora-clang 1.6.1 219.26 NOTE
r-devel-linux-x86_64-fedora-gcc 1.6.1 228.14 NOTE
r-devel-windows-x86_64 1.6.1 10.00 125.00 135.00 OK
r-patched-linux-x86_64 1.6.1 10.87 173.35 184.22 OK
r-release-linux-x86_64 1.6.1 9.49 175.46 184.95 OK
r-release-macos-arm64 1.6.1 54.00 OK
r-release-macos-x86_64 1.6.1 137.00 OK
r-release-windows-x86_64 1.6.1 13.00 155.00 168.00 OK
r-oldrel-macos-arm64 1.6.1 55.00 OK
r-oldrel-windows-x86_64 1.6.1 13.00 157.00 170.00 OK

Check Details

Version: 1.6.1
Check: Rd files
Result: NOTE checkRd: (-1) Educational_Attainment.Rd:14: Lost braces in \itemize; \value handles \item{}{} directly checkRd: (-1) Educational_Attainment.Rd:15: Lost braces in \itemize; \value handles \item{}{} directly checkRd: (-1) Educational_Attainment.Rd:16: Lost braces in \itemize; \value handles \item{}{} directly checkRd: (-1) Educational_Attainment.Rd:17: Lost braces in \itemize; \value handles \item{}{} directly checkRd: (-1) Educational_Attainment.Rd:18: Lost braces in \itemize; \value handles \item{}{} directly checkRd: (-1) Educational_Attainment.Rd:19: Lost braces in \itemize; \value handles \item{}{} directly checkRd: (-1) Educational_Attainment.Rd:20: Lost braces in \itemize; \value handles \item{}{} directly checkRd: (-1) Educational_Attainment.Rd:21: Lost braces in \itemize; \value handles \item{}{} directly checkRd: (-1) Educational_Attainment.Rd:22: Lost braces in \itemize; \value handles \item{}{} directly checkRd: (-1) Educational_Attainment.Rd:23: Lost braces in \itemize; \value handles \item{}{} directly checkRd: (-1) Educational_Attainment.Rd:24: Lost braces in \itemize; \value handles \item{}{} directly checkRd: (-1) Educational_Attainment.Rd:25-26: Lost braces in \itemize; \value handles \item{}{} directly checkRd: (-1) Policy_Opinion.Rd:16: Lost braces in \itemize; \value handles \item{}{} directly checkRd: (-1) Policy_Opinion.Rd:17: Lost braces in \itemize; \value handles \item{}{} directly checkRd: (-1) Policy_Opinion.Rd:18: Lost braces in \itemize; \value handles \item{}{} directly checkRd: (-1) Policy_Opinion.Rd:19: Lost braces in \itemize; \value handles \item{}{} directly checkRd: (-1) Policy_Opinion.Rd:20: Lost braces in \itemize; \value handles \item{}{} directly checkRd: (-1) Policy_Opinion.Rd:21: Lost braces in \itemize; \value handles \item{}{} directly checkRd: (-1) Policy_Opinion.Rd:22: Lost braces in \itemize; \value handles \item{}{} directly checkRd: (-1) Policy_Opinion.Rd:23: Lost braces in \itemize; \value handles \item{}{} directly checkRd: (-1) Policy_Opinion.Rd:24-25: Lost braces in \itemize; \value handles \item{}{} directly checkRd: (-1) covEffectOR1.Rd:31-32: Lost braces in \itemize; \value handles \item{}{} directly checkRd: (-1) covEffectOR2.Rd:33-34: Lost braces in \itemize; \value handles \item{}{} directly checkRd: (-1) data25j3.Rd:13: Lost braces in \itemize; \value handles \item{}{} directly checkRd: (-1) data25j3.Rd:14: Lost braces in \itemize; \value handles \item{}{} directly checkRd: (-1) data25j4.Rd:13: Lost braces in \itemize; \value handles \item{}{} directly checkRd: (-1) data25j4.Rd:14: Lost braces in \itemize; \value handles \item{}{} directly checkRd: (-1) data50j3.Rd:13: Lost braces in \itemize; \value handles \item{}{} directly checkRd: (-1) data50j3.Rd:14: Lost braces in \itemize; \value handles \item{}{} directly checkRd: (-1) data50j4.Rd:13: Lost braces in \itemize; \value handles \item{}{} directly checkRd: (-1) data50j4.Rd:14: Lost braces in \itemize; \value handles \item{}{} directly checkRd: (-1) data75j3.Rd:13: Lost braces in \itemize; \value handles \item{}{} directly checkRd: (-1) data75j3.Rd:14: Lost braces in \itemize; \value handles \item{}{} directly checkRd: (-1) data75j4.Rd:13: Lost braces in \itemize; \value handles \item{}{} directly checkRd: (-1) data75j4.Rd:14: Lost braces in \itemize; \value handles \item{}{} directly checkRd: (-1) drawbetaOR1.Rd:27-28: Lost braces in \itemize; \value handles \item{}{} directly checkRd: (-1) drawbetaOR1.Rd:29-30: Lost braces in \itemize; \value handles \item{}{} directly checkRd: (-1) drawbetaOR1.Rd:31-32: Lost braces in \itemize; \value handles \item{}{} directly checkRd: (-1) drawbetaOR2.Rd:29-30: Lost braces in \itemize; \value handles \item{}{} directly checkRd: (-1) drawbetaOR2.Rd:31-32: Lost braces in \itemize; \value handles \item{}{} directly checkRd: (-1) drawbetaOR2.Rd:33-34: Lost braces in \itemize; \value handles \item{}{} directly checkRd: (-1) drawdeltaOR1.Rd:31: Lost braces in \itemize; \value handles \item{}{} directly checkRd: (-1) drawdeltaOR1.Rd:32: Lost braces in \itemize; \value handles \item{}{} directly checkRd: (-1) drawsigmaOR2.Rd:29-30: Lost braces in \itemize; \value handles \item{}{} directly checkRd: (-1) drawsigmaOR2.Rd:31: Lost braces in \itemize; \value handles \item{}{} directly checkRd: (-1) qrminfundtheorem.Rd:39: Lost braces in \itemize; \value handles \item{}{} directly checkRd: (-1) qrminfundtheorem.Rd:40: Lost braces in \itemize; \value handles \item{}{} directly checkRd: (-1) qrminfundtheorem.Rd:41: Lost braces in \itemize; \value handles \item{}{} directly checkRd: (-1) qrminfundtheorem.Rd:42-43: Lost braces in \itemize; \value handles \item{}{} directly checkRd: (-1) qrminfundtheorem.Rd:44: Lost braces in \itemize; \value handles \item{}{} directly checkRd: (-1) qrnegLogLikensumOR1.Rd:23: Lost braces in \itemize; \value handles \item{}{} directly checkRd: (-1) qrnegLogLikensumOR1.Rd:24: Lost braces in \itemize; \value handles \item{}{} directly checkRd: (-1) quantregOR1.Rd:37: Lost braces in \itemize; \value handles \item{}{} directly checkRd: (-1) quantregOR1.Rd:38: Lost braces in \itemize; \value handles \item{}{} directly checkRd: (-1) quantregOR1.Rd:39: Lost braces in \itemize; \value handles \item{}{} directly checkRd: (-1) quantregOR1.Rd:40: Lost braces in \itemize; \value handles \item{}{} directly checkRd: (-1) quantregOR1.Rd:41: Lost braces in \itemize; \value handles \item{}{} directly checkRd: (-1) quantregOR1.Rd:42: Lost braces in \itemize; \value handles \item{}{} directly checkRd: (-1) quantregOR1.Rd:43: Lost braces in \itemize; \value handles \item{}{} directly checkRd: (-1) quantregOR1.Rd:44: Lost braces in \itemize; \value handles \item{}{} directly checkRd: (-1) quantregOR1.Rd:45: Lost braces in \itemize; \value handles \item{}{} directly checkRd: (-1) quantregOR1.Rd:46: Lost braces in \itemize; \value handles \item{}{} directly checkRd: (-1) quantregOR1.Rd:47: Lost braces in \itemize; \value handles \item{}{} directly checkRd: (-1) quantregOR1.Rd:48: Lost braces in \itemize; \value handles \item{}{} directly checkRd: (-1) quantregOR1.Rd:49: Lost braces in \itemize; \value handles \item{}{} directly checkRd: (-1) quantregOR2.Rd:37: Lost braces in \itemize; \value handles \item{}{} directly checkRd: (-1) quantregOR2.Rd:38: Lost braces in \itemize; \value handles \item{}{} directly checkRd: (-1) quantregOR2.Rd:39: Lost braces in \itemize; \value handles \item{}{} directly checkRd: (-1) quantregOR2.Rd:40: Lost braces in \itemize; \value handles \item{}{} directly checkRd: (-1) quantregOR2.Rd:41: Lost braces in \itemize; \value handles \item{}{} directly checkRd: (-1) quantregOR2.Rd:42: Lost braces in \itemize; \value handles \item{}{} directly checkRd: (-1) quantregOR2.Rd:43: Lost braces in \itemize; \value handles \item{}{} directly checkRd: (-1) quantregOR2.Rd:44: Lost braces in \itemize; \value handles \item{}{} directly checkRd: (-1) quantregOR2.Rd:45: Lost braces in \itemize; \value handles \item{}{} directly checkRd: (-1) quantregOR2.Rd:46: Lost braces in \itemize; \value handles \item{}{} directly Flavors: r-devel-linux-x86_64-debian-clang, r-devel-linux-x86_64-debian-gcc

Version: 1.6.1
Check: dependencies in R code
Result: NOTE Namespace in Imports field not imported from: ‘graphics’ All declared Imports should be used. Flavors: r-devel-linux-x86_64-fedora-clang, r-devel-linux-x86_64-fedora-gcc