Last updated on 2023-03-21 03:54:16 CET.
Flavor | Version | Tinstall | Tcheck | Ttotal | Status | Flags |
---|---|---|---|---|---|---|
r-devel-linux-x86_64-debian-clang | 1.5.0 | OK | ||||
r-devel-linux-x86_64-debian-gcc | 1.5.0 | 7.71 | 123.71 | 131.42 | OK | |
r-devel-linux-x86_64-fedora-clang | 1.5.0 | 240.11 | NOTE | |||
r-devel-linux-x86_64-fedora-gcc | 1.5.0 | 222.83 | NOTE | |||
r-devel-windows-x86_64 | 1.5.0 | 28.00 | 190.00 | 218.00 | OK | |
r-patched-linux-x86_64 | 1.5.0 | 7.97 | 172.34 | 180.31 | OK | |
r-release-linux-x86_64 | 1.5.0 | 8.08 | 174.08 | 182.16 | OK | |
r-release-macos-arm64 | 1.5.0 | 43.00 | OK | |||
r-release-macos-x86_64 | 1.5.0 | 71.00 | OK | |||
r-release-windows-x86_64 | 1.5.0 | 35.00 | 205.00 | 240.00 | OK | |
r-oldrel-macos-arm64 | 1.5.0 | 56.00 | OK | |||
r-oldrel-macos-x86_64 | 1.5.0 | 72.00 | OK | |||
r-oldrel-windows-ix86+x86_64 | 1.5.0 | 21.00 | 210.00 | 231.00 | OK |
Version: 1.5.0
Check: dependencies in R code
Result: NOTE
Namespace in Imports field not imported from: ‘graphics’
All declared Imports should be used.
Flavors: r-devel-linux-x86_64-fedora-clang, r-devel-linux-x86_64-fedora-gcc