Last updated on 2022-05-27 12:53:10 CEST.
Flavor | Version | Tinstall | Tcheck | Ttotal | Status | Flags |
---|---|---|---|---|---|---|
r-devel-linux-x86_64-debian-clang | 2.0.2 | 99.60 | 85.21 | 184.81 | OK | |
r-devel-linux-x86_64-debian-gcc | 2.0.2 | 68.28 | 61.79 | 130.07 | OK | |
r-devel-linux-x86_64-fedora-clang | 2.0.2 | 238.20 | OK | |||
r-devel-linux-x86_64-fedora-gcc | 2.0.2 | 214.59 | OK | |||
r-devel-windows-x86_64 | 2.0.2 | 89.00 | 123.00 | 212.00 | OK | |
r-patched-linux-x86_64 | 2.0.2 | 56.61 | 78.46 | 135.07 | OK | |
r-release-linux-x86_64 | 2.0.2 | 67.34 | 76.69 | 144.03 | OK | |
r-release-macos-arm64 | 2.0.2 | 53.00 | NOTE | |||
r-release-macos-x86_64 | 2.0.2 | 93.00 | NOTE | |||
r-release-windows-x86_64 | 2.0.2 | 83.00 | 126.00 | 209.00 | OK | |
r-oldrel-macos-arm64 | 2.0.2 | 58.00 | NOTE | |||
r-oldrel-macos-x86_64 | 2.0.2 | 74.00 | NOTE | |||
r-oldrel-windows-ix86+x86_64 | 2.0.2 | 251.00 | 129.00 | 380.00 | OK |
Version: 2.0.2
Check: installed package size
Result: NOTE
installed size is 5.1Mb
sub-directories of 1Mb or more:
libs 4.7Mb
Flavors: r-release-macos-arm64, r-release-macos-x86_64, r-oldrel-macos-arm64, r-oldrel-macos-x86_64