Last updated on 2024-03-29 00:50:44 CET.
Flavor | Version | Tinstall | Tcheck | Ttotal | Status | Flags |
---|---|---|---|---|---|---|
r-devel-linux-x86_64-debian-clang | 1.0.9 | 110.09 | 82.57 | 192.66 | NOTE | |
r-devel-linux-x86_64-debian-gcc | 1.0.9 | 82.73 | 60.69 | 143.42 | NOTE | |
r-devel-linux-x86_64-fedora-clang | 1.0.9 | 275.97 | NOTE | |||
r-devel-linux-x86_64-fedora-gcc | 1.0.9 | 277.95 | NOTE | |||
r-devel-windows-x86_64 | 1.0.9 | 87.00 | 112.00 | 199.00 | NOTE | |
r-patched-linux-x86_64 | 1.0.9 | 85.03 | 79.37 | 164.40 | NOTE | |
r-release-linux-x86_64 | 1.0.9 | 82.10 | 76.74 | 158.84 | NOTE | |
r-release-macos-arm64 | 1.0.9 | 70.00 | NOTE | |||
r-release-macos-x86_64 | 1.0.9 | 111.00 | NOTE | |||
r-release-windows-x86_64 | 1.0.9 | 113.00 | 130.00 | 243.00 | NOTE | |
r-oldrel-macos-arm64 | 1.0.9 | 61.00 | NOTE | |||
r-oldrel-windows-x86_64 | 1.0.9 | 114.00 | 118.00 | 232.00 | OK |
Version: 1.0.9
Check: C++ specification
Result: NOTE
Specified C++11: please drop specification unless essential
Flavors: r-devel-linux-x86_64-debian-clang, r-devel-linux-x86_64-debian-gcc, r-devel-linux-x86_64-fedora-clang, r-devel-linux-x86_64-fedora-gcc, r-devel-windows-x86_64, r-patched-linux-x86_64, r-release-linux-x86_64, r-release-macos-arm64, r-release-macos-x86_64, r-release-windows-x86_64
Version: 1.0.9
Check: installed package size
Result: NOTE
installed size is 5.8Mb
sub-directories of 1Mb or more:
libs 5.6Mb
Flavors: r-release-macos-arm64, r-release-macos-x86_64, r-oldrel-macos-arm64