CRAN Package Check Results for Package bpca

Last updated on 2025-01-18 21:48:18 CET.

Flavor Version Tinstall Tcheck Ttotal Status Flags
r-devel-linux-x86_64-debian-clang 1.3-6 4.15 43.17 47.32 NOTE
r-devel-linux-x86_64-debian-gcc 1.3-6 3.30 34.30 37.60 NOTE
r-devel-linux-x86_64-fedora-clang 1.3-6 76.04 OK
r-devel-linux-x86_64-fedora-gcc 1.3-6 86.18 OK
r-devel-windows-x86_64 1.3-6 7.00 83.00 90.00 NOTE
r-patched-linux-x86_64 1.3-6 8.87 41.62 50.49 OK
r-release-linux-x86_64 1.3-6 4.14 41.88 46.02 OK
r-release-macos-arm64 1.3-6 31.00 OK
r-release-macos-x86_64 1.3-6 48.00 OK
r-release-windows-x86_64 1.3-6 7.00 85.00 92.00 OK
r-oldrel-macos-arm64 1.3-6 33.00 OK
r-oldrel-macos-x86_64 1.3-6 87.00 OK
r-oldrel-windows-x86_64 1.3-6 8.00 84.00 92.00 OK

Check Details

Version: 1.3-6
Check: Rd cross-references
Result: NOTE Found the following Rd file(s) with Rd \link{} targets missing package anchors: print.xtable.Rd: xtable Please provide package anchors for all Rd \link{} targets not in the package itself and the base packages. Flavors: r-devel-linux-x86_64-debian-clang, r-devel-linux-x86_64-debian-gcc, r-devel-windows-x86_64