Last updated on 2023-12-02 21:39:49 CET.
Flavor | Version | Tinstall | Tcheck | Ttotal | Status | Flags |
---|---|---|---|---|---|---|
r-devel-linux-x86_64-debian-clang | 0.3.6 | 7.54 | 72.54 | 80.08 | OK | |
r-devel-linux-x86_64-debian-gcc | 0.3.6 | 6.15 | 54.30 | 60.45 | OK | |
r-devel-linux-x86_64-fedora-clang | 0.3.6 | 99.55 | NOTE | |||
r-devel-linux-x86_64-fedora-gcc | 0.3.6 | 107.98 | OK | |||
r-devel-windows-x86_64 | 0.3.6 | 7.00 | 84.00 | 91.00 | OK | |
r-patched-linux-x86_64 | 0.3.6 | 11.33 | 68.67 | 80.00 | OK | |
r-release-linux-x86_64 | 0.3.6 | 4.29 | 67.86 | 72.15 | OK | |
r-release-macos-arm64 | 0.3.6 | 43.00 | OK | |||
r-release-macos-x86_64 | 0.3.6 | 65.00 | OK | |||
r-release-windows-x86_64 | 0.3.6 | 11.00 | 93.00 | 104.00 | OK | |
r-oldrel-macos-arm64 | 0.3.6 | 32.00 | OK | |||
r-oldrel-macos-x86_64 | 0.3.6 | 51.00 | OK | |||
r-oldrel-windows-x86_64 | 0.3.6 | 10.00 | 84.00 | 94.00 | OK |
Version: 0.3.6
Check: Rd cross-references
Result: NOTE
Undeclared packages ‘data.table’, ‘readxl’, ‘openxlsx’ in Rd xrefs
Flavor: r-devel-linux-x86_64-fedora-clang