Last updated on 2025-02-01 21:49:08 CET.
Flavor | Version | Tinstall | Tcheck | Ttotal | Status | Flags |
---|---|---|---|---|---|---|
r-devel-linux-x86_64-debian-clang | 1.0.1 | 2.26 | 25.03 | 27.29 | OK | |
r-devel-linux-x86_64-debian-gcc | 1.0.1 | 1.62 | 19.87 | 21.49 | OK | |
r-devel-linux-x86_64-fedora-clang | 1.0.1 | 46.45 | OK | |||
r-devel-linux-x86_64-fedora-gcc | 1.0.1 | 57.12 | OK | |||
r-devel-windows-x86_64 | 1.0.1 | 4.00 | 48.00 | 52.00 | OK | |
r-patched-linux-x86_64 | 1.0.1 | 1.98 | 23.99 | 25.97 | NOTE | |
r-release-linux-x86_64 | 1.0.1 | 2.18 | 23.83 | 26.01 | NOTE | |
r-release-macos-arm64 | 1.0.1 | 26.00 | NOTE | |||
r-release-macos-x86_64 | 1.0.1 | 58.00 | NOTE | |||
r-release-windows-x86_64 | 1.0.1 | 3.00 | 47.00 | 50.00 | NOTE | |
r-oldrel-macos-arm64 | 1.0.1 | 27.00 | NOTE | |||
r-oldrel-macos-x86_64 | 1.0.1 | 32.00 | NOTE | |||
r-oldrel-windows-x86_64 | 1.0.1 | 4.00 | 48.00 | 52.00 | NOTE |
Version: 1.0.1
Check: LazyData
Result: NOTE
'LazyData' is specified without a 'data' directory
Flavors: r-patched-linux-x86_64, r-release-linux-x86_64, r-release-macos-arm64, r-release-macos-x86_64, r-release-windows-x86_64, r-oldrel-macos-arm64, r-oldrel-macos-x86_64, r-oldrel-windows-x86_64