CRAN Package Check Results for Package boodist

Last updated on 2024-07-22 11:56:20 CEST.

Flavor Version Tinstall Tcheck Ttotal Status Flags
r-devel-linux-x86_64-debian-clang 1.0.0 178.05 44.61 222.66 OK
r-devel-linux-x86_64-debian-gcc 1.0.0 145.53 46.98 192.51 OK
r-devel-linux-x86_64-fedora-clang 1.0.0 371.93 OK
r-devel-linux-x86_64-fedora-gcc 1.0.0 385.19 OK
r-devel-windows-x86_64 1.0.0 154.00 81.00 235.00 OK
r-patched-linux-x86_64 1.0.0 203.72 60.43 264.15 OK
r-release-linux-x86_64 1.0.0 178.19 60.61 238.80 OK
r-release-macos-arm64 1.0.0 70.00 NOTE
r-release-macos-x86_64 1.0.0 97.00 NOTE
r-release-windows-x86_64 1.0.0 168.00 81.00 249.00 OK
r-oldrel-macos-arm64 1.0.0 77.00 NOTE
r-oldrel-macos-x86_64 1.0.0 79.00 NOTE
r-oldrel-windows-x86_64 1.0.0 215.00 97.00 312.00 OK

Check Details

Version: 1.0.0
Check: installed package size
Result: NOTE installed size is 13.1Mb sub-directories of 1Mb or more: libs 12.2Mb Flavors: r-release-macos-arm64, r-release-macos-x86_64, r-oldrel-macos-arm64, r-oldrel-macos-x86_64