Last updated on 2024-04-23 21:54:40 CEST.
Flavor | Version | Tinstall | Tcheck | Ttotal | Status | Flags |
---|---|---|---|---|---|---|
r-devel-linux-x86_64-debian-clang | 1.1.8-2 | 4.40 | 36.63 | 41.03 | NOTE | |
r-devel-linux-x86_64-debian-gcc | 1.1.8-2 | 3.86 | 28.31 | 32.17 | NOTE | |
r-devel-linux-x86_64-fedora-clang | 1.1.8-2 | 53.79 | NOTE | |||
r-devel-linux-x86_64-fedora-gcc | 1.1.8-2 | 51.13 | NOTE | |||
r-prerel-macos-arm64 | 1.1.8-2 | 19.00 | NOTE | |||
r-prerel-windows-x86_64 | 1.1.8-2 | 5.00 | 55.00 | 60.00 | NOTE | |
r-patched-linux-x86_64 | 1.1.8-2 | 5.51 | 35.08 | 40.59 | NOTE | |
r-release-linux-x86_64 | 1.1.8-2 | 4.92 | 36.82 | 41.74 | OK | |
r-release-macos-arm64 | 1.1.8-2 | 20.00 | OK | |||
r-release-macos-x86_64 | 1.1.8-2 | 29.00 | OK | |||
r-release-windows-x86_64 | 1.1.8-2 | 6.00 | 62.00 | 68.00 | OK | |
r-oldrel-macos-arm64 | 1.1.8-2 | 20.00 | OK | |||
r-oldrel-windows-x86_64 | 1.1.8-2 | 17.00 | 61.00 | 78.00 | OK |
Version: 1.1.8-2
Check: Rd files
Result: NOTE
checkRd: (-1) boa.chain.collapse.Rd:20: Lost braces
20 | \seealso{ code{\link{boa.chain.reset}}, code{\link{boa.chain.subset}} }
| ^
checkRd: (-1) boa.chain.collapse.Rd:20: Lost braces
20 | \seealso{ code{\link{boa.chain.reset}}, code{\link{boa.chain.subset}} }
| ^
Flavors: r-devel-linux-x86_64-debian-clang, r-devel-linux-x86_64-debian-gcc, r-devel-linux-x86_64-fedora-clang, r-devel-linux-x86_64-fedora-gcc, r-prerel-macos-arm64, r-prerel-windows-x86_64, r-patched-linux-x86_64