CRAN Package Check Results for Package bnstruct

Last updated on 2022-05-20 12:53:19 CEST.

Flavor Version Tinstall Tcheck Ttotal Status Flags
r-devel-linux-x86_64-debian-clang 1.0.12 20.71 124.74 145.45 OK
r-devel-linux-x86_64-debian-gcc 1.0.12 12.94 98.65 111.59 OK
r-devel-linux-x86_64-fedora-clang 1.0.12 174.51 OK
r-devel-windows-x86_64 1.0.12 155.00 180.00 335.00 OK
r-patched-linux-x86_64 1.0.12 20.44 122.96 143.40 OK
r-release-linux-x86_64 1.0.12 17.51 124.52 142.03 OK
r-release-macos-arm64 1.0.12 62.00 NOTE
r-release-macos-x86_64 1.0.12 75.00 OK
r-release-windows-x86_64 1.0.12 127.00 183.00 310.00 OK
r-oldrel-macos-arm64 1.0.12 57.00 OK
r-oldrel-macos-x86_64 1.0.12 79.00 OK
r-oldrel-windows-ix86+x86_64 1.0.12 34.00 172.00 206.00 OK

Check Details

Version: 1.0.12
Check: package dependencies
Result: NOTE
    Packages suggested but not available for checking: 'graph', 'Rgraphviz'
Flavor: r-release-macos-arm64