CRAN Package Check Results for Package bndovb

Last updated on 2023-09-29 12:56:52 CEST.

Flavor Version Tinstall Tcheck Ttotal Status Flags
r-devel-linux-x86_64-debian-clang 1.1 11.51 100.35 111.86 OK
r-devel-linux-x86_64-debian-gcc 1.1 9.73 77.99 87.72 OK
r-devel-linux-x86_64-fedora-clang 1.1 136.26 NOTE
r-devel-linux-x86_64-fedora-gcc 1.1 154.64 NOTE
r-devel-windows-x86_64 1.1 10.00 88.00 98.00 OK
r-patched-linux-x86_64 1.1 10.81 98.09 108.90 OK
r-release-linux-x86_64 1.1 10.38 98.55 108.93 OK
r-release-macos-arm64 1.1 48.00 OK
r-release-macos-x86_64 1.1 72.00 OK
r-release-windows-x86_64 1.1 14.00 109.00 123.00 OK
r-oldrel-macos-arm64 1.1 62.00 NOTE
r-oldrel-macos-x86_64 1.1 69.00 NOTE
r-oldrel-windows-x86_64 1.1 13.00 110.00 123.00 OK

Check Details

Version: 1.1
Check: dependencies in R code
Result: NOTE
    Namespace in Imports field not imported from: ‘dplyr’
     All declared Imports should be used.
Flavors: r-devel-linux-x86_64-fedora-clang, r-devel-linux-x86_64-fedora-gcc, r-oldrel-macos-arm64, r-oldrel-macos-x86_64