CRAN Package Check Results for Package bndovb

Last updated on 2022-09-28 12:55:13 CEST.

Flavor Version Tinstall Tcheck Ttotal Status Flags
r-devel-linux-x86_64-debian-clang 1.1 11.08 100.46 111.54 OK
r-devel-linux-x86_64-debian-gcc 1.1 9.81 77.46 87.27 OK
r-devel-linux-x86_64-fedora-clang 1.1 153.74 NOTE
r-devel-linux-x86_64-fedora-gcc 1.1 148.28 NOTE
r-devel-windows-x86_64 1.1 21.00 127.00 148.00 OK
r-patched-linux-x86_64 1.1 10.09 97.02 107.11 OK
r-release-linux-x86_64 1.1 7.72 97.21 104.93 OK
r-release-macos-arm64 1.1 62.00 NOTE
r-release-macos-x86_64 1.1 69.00 NOTE
r-release-windows-x86_64 1.1 16.00 125.00 141.00 OK
r-oldrel-macos-arm64 1.1 40.00 NOTE
r-oldrel-macos-x86_64 1.1 57.00 NOTE
r-oldrel-windows-ix86+x86_64 1.1 25.00 118.00 143.00 OK

Check Details

Version: 1.1
Check: dependencies in R code
Result: NOTE
    Namespace in Imports field not imported from: ‘dplyr’
     All declared Imports should be used.
Flavors: r-devel-linux-x86_64-fedora-clang, r-devel-linux-x86_64-fedora-gcc, r-release-macos-arm64, r-release-macos-x86_64, r-oldrel-macos-arm64, r-oldrel-macos-x86_64