Last updated on 2024-04-26 20:51:51 CEST.
Flavor | Version | Tinstall | Tcheck | Ttotal | Status | Flags |
---|---|---|---|---|---|---|
r-devel-linux-x86_64-debian-clang | 1.0-2 | 6.59 | 51.99 | 58.58 | OK | |
r-devel-linux-x86_64-debian-gcc | 1.0-2 | 5.66 | 38.50 | 44.16 | OK | |
r-devel-linux-x86_64-fedora-clang | 1.0-2 | 75.11 | NOTE | |||
r-devel-linux-x86_64-fedora-gcc | 1.0-2 | 71.32 | NOTE | |||
r-devel-windows-x86_64 | 1.0-2 | 8.00 | 54.00 | 62.00 | OK | |
r-patched-linux-x86_64 | 1.0-2 | 7.70 | 49.49 | 57.19 | OK | |
r-release-linux-x86_64 | 1.0-2 | 7.14 | 49.26 | 56.40 | OK | |
r-release-macos-arm64 | 1.0-2 | 23.00 | OK | |||
r-release-windows-x86_64 | 1.0-2 | 7.00 | 51.00 | 58.00 | OK | |
r-oldrel-macos-arm64 | 1.0-2 | 27.00 | OK | |||
r-oldrel-macos-x86_64 | 1.0-2 | 36.00 | OK | |||
r-oldrel-windows-x86_64 | 1.0-2 | 11.00 | 62.00 | 73.00 | OK |
Version: 1.0-2
Check: dependencies in R code
Result: NOTE
Namespace in Imports field not imported from: ‘shiny’
All declared Imports should be used.
Flavors: r-devel-linux-x86_64-fedora-clang, r-devel-linux-x86_64-fedora-gcc