Last updated on 2024-04-30 21:50:02 CEST.
Flavor | Version | Tinstall | Tcheck | Ttotal | Status | Flags |
---|---|---|---|---|---|---|
r-devel-linux-x86_64-debian-clang | 0.6.4 | 8.65 | 70.72 | 79.37 | OK | |
r-devel-linux-x86_64-debian-gcc | 0.6.4 | 7.14 | 50.52 | 57.66 | OK | |
r-devel-linux-x86_64-fedora-clang | 0.6.4 | 102.94 | NOTE | |||
r-devel-linux-x86_64-fedora-gcc | 0.6.4 | 94.47 | NOTE | |||
r-devel-windows-x86_64 | 0.6.4 | 12.00 | 71.00 | 83.00 | OK | |
r-patched-linux-x86_64 | 0.6.4 | 9.18 | 67.01 | 76.19 | OK | |
r-release-linux-x86_64 | 0.6.4 | 7.53 | 66.83 | 74.36 | OK | |
r-release-macos-arm64 | 0.6.4 | 32.00 | OK | |||
r-release-windows-x86_64 | 0.6.4 | 12.00 | 73.00 | 85.00 | OK | |
r-oldrel-macos-arm64 | 0.6.4 | 33.00 | OK | |||
r-oldrel-macos-x86_64 | 0.6.4 | 49.00 | OK | |||
r-oldrel-windows-x86_64 | 0.6.4 | 14.00 | 85.00 | 99.00 | OK |
Version: 0.6.4
Check: compiled code
Result: NOTE
File ‘blockTools/libs/blockTools.so’:
Found no calls to: ‘R_registerRoutines’, ‘R_useDynamicSymbols’
It is good practice to register native routines and to disable symbol
search.
See ‘Writing portable packages’ in the ‘Writing R Extensions’ manual.
Flavors: r-devel-linux-x86_64-fedora-clang, r-devel-linux-x86_64-fedora-gcc